CRAN Package Check Results for Package eq5d

Last updated on 2022-01-18 05:50:12 CET.

Flavor Version Tinstall Tcheck Ttotal Status Flags
r-devel-linux-x86_64-debian-clang 0.10.1 4.20 51.48 55.68 OK
r-devel-linux-x86_64-debian-gcc 0.10.1 2.51 38.60 41.11 OK
r-devel-linux-x86_64-fedora-clang 0.10.1 65.92 OK
r-devel-linux-x86_64-fedora-gcc 0.10.1 55.05 OK
r-devel-windows-x86_64-new-UL 0.10.1 63.00 75.00 138.00 OK
r-devel-windows-x86_64-new-TK 0.10.1 NOTE
r-patched-linux-x86_64 0.10.1 4.13 49.43 53.56 OK
r-release-linux-x86_64 0.10.1 OK
r-release-macos-arm64 0.10.1 OK
r-release-macos-x86_64 0.10.1 OK
r-release-windows-ix86+x86_64 0.10.1 8.00 57.00 65.00 OK
r-oldrel-macos-x86_64 0.10.1 OK
r-oldrel-windows-ix86+x86_64 0.10.1 7.00 60.00 67.00 OK

Check Details

Version: 0.10.1
Check: package dependencies
Result: NOTE
    Package suggested but not available for checking: 'FSA'
Flavor: r-devel-windows-x86_64-new-TK