CRAN Package Check Results for Package erah

Last updated on 2020-10-25 11:50:31 CET.

Flavor Version Tinstall Tcheck Ttotal Status Flags
r-devel-linux-x86_64-debian-clang 1.1.1 16.65 108.90 125.55 NOTE
r-devel-linux-x86_64-debian-gcc 1.1.1 13.84 81.61 95.45 OK
r-devel-linux-x86_64-fedora-clang 1.1.1 152.49 NOTE
r-devel-linux-x86_64-fedora-gcc 1.1.1 143.61 OK
r-devel-windows-ix86+x86_64 1.1.1 35.00 164.00 199.00 OK
r-patched-linux-x86_64 1.1.1 14.91 98.84 113.75 OK
r-patched-solaris-x86 1.1.1 196.60 NOTE
r-release-linux-x86_64 1.1.1 14.77 97.85 112.62 OK
r-release-macos-x86_64 1.1.1 OK
r-release-windows-ix86+x86_64 1.1.1 26.00 121.00 147.00 OK
r-oldrel-macos-x86_64 1.1.1 OK
r-oldrel-windows-ix86+x86_64 1.1.1 29.00 149.00 178.00 OK

Check Details

Version: 1.1.1
Check: package dependencies
Result: NOTE
    Package suggested but not available for checking: 'mzR'
Flavors: r-devel-linux-x86_64-debian-clang, r-devel-linux-x86_64-fedora-clang, r-patched-solaris-x86