CRAN Package Check Results for Package ergm

Last updated on 2021-05-14 05:50:16 CEST.

Flavor Version Tinstall Tcheck Ttotal Status Flags
r-devel-linux-x86_64-debian-clang 3.11.0 63.18 836.39 899.57 OK
r-devel-linux-x86_64-debian-gcc 3.11.0 48.01 599.90 647.91 OK
r-devel-linux-x86_64-fedora-clang 3.11.0 1131.59 NOTE
r-devel-linux-x86_64-fedora-gcc 3.11.0 1136.07 OK
r-devel-windows-ix86+x86_64 3.11.0 151.00 148.00 299.00 OK --no-examples --no-tests --no-vignettes
r-devel-windows-x86_64-gcc10-UCRT 3.11.0 OK
r-patched-linux-x86_64 3.11.0 63.91 795.62 859.53 OK
r-patched-solaris-x86 3.11.0 1129.40 OK
r-release-linux-x86_64 3.11.0 57.01 794.84 851.85 OK
r-release-macos-x86_64 3.11.0 NOTE
r-release-windows-ix86+x86_64 3.11.0 109.00 203.00 312.00 OK --no-examples --no-tests --no-vignettes
r-oldrel-macos-x86_64 3.11.0 NOTE
r-oldrel-windows-ix86+x86_64 3.11.0 137.00 139.00 276.00 OK --no-examples --no-tests --no-vignettes

Check Details

Version: 3.11.0
Check: installed package size
Result: NOTE
     installed size is 5.6Mb
     sub-directories of 1Mb or more:
     doc 1.6Mb
     libs 2.0Mb
Flavors: r-devel-linux-x86_64-fedora-clang, r-release-macos-x86_64, r-oldrel-macos-x86_64

Version: 3.11.0
Check: package dependencies
Result: NOTE
    Package suggested but not available for checking: ‘Rmpi’
Flavors: r-release-macos-x86_64, r-oldrel-macos-x86_64