CRAN Package Check Results for Package ergm

Last updated on 2019-04-25 11:54:19 CEST.

Flavor Version Tinstall Tcheck Ttotal Status Flags
r-devel-linux-x86_64-debian-clang 3.9.4 43.26 727.00 770.26 NOTE
r-devel-linux-x86_64-debian-gcc 3.9.4 39.23 566.06 605.29 NOTE
r-devel-linux-x86_64-fedora-clang 3.9.4 901.76 NOTE
r-devel-linux-x86_64-fedora-gcc 3.9.4 883.20 NOTE
r-devel-windows-ix86+x86_64 3.9.4 128.00 207.00 335.00 NOTE --no-examples --no-tests --no-vignettes
r-patched-linux-x86_64 3.9.4 44.85 698.83 743.68 NOTE
r-patched-solaris-x86 3.9.4 1280.00 NOTE
r-release-linux-x86_64 3.9.4 38.81 687.13 725.94 NOTE
r-release-windows-ix86+x86_64 3.9.4 93.00 218.00 311.00 OK --no-examples --no-tests --no-vignettes
r-release-osx-x86_64 3.9.4 NOTE
r-oldrel-windows-ix86+x86_64 3.9.4 80.00 209.00 289.00 OK --no-examples --no-tests --no-vignettes
r-oldrel-osx-x86_64 3.9.4 ERROR

Check Details

Version: 3.9.4
Check: S3 generic/method consistency
Result: NOTE
    Found the following apparent S3 methods exported but not registered:
     coef.length.model plot.mcmc.list.ergm plot.network.ergm
     summary.statistics
    See section 'Registering S3 methods' in the 'Writing R Extensions'
    manual.
Flavors: r-devel-linux-x86_64-debian-clang, r-devel-linux-x86_64-debian-gcc, r-devel-linux-x86_64-fedora-clang, r-devel-linux-x86_64-fedora-gcc, r-patched-linux-x86_64, r-patched-solaris-x86, r-release-linux-x86_64

Version: 3.9.4
Flags: --no-examples --no-tests --no-vignettes
Check: S3 generic/method consistency
Result: NOTE
    Found the following apparent S3 methods exported but not registered:
     coef.length.model plot.mcmc.list.ergm plot.network.ergm
     summary.statistics
    See section 'Registering S3 methods' in the 'Writing R Extensions'
    manual.
Flavor: r-devel-windows-ix86+x86_64

Version: 3.9.4
Check: package dependencies
Result: NOTE
    Package suggested but not available for checking: ‘Rmpi’
Flavor: r-release-osx-x86_64

Version: 3.9.4
Check: package dependencies
Result: ERROR
    Package required and available but unsuitable version: ‘statnet.common’
    
    Package suggested but not available for checking: ‘Rmpi’
    
    See section ‘The DESCRIPTION file’ in the ‘Writing R Extensions’
    manual.
Flavor: r-oldrel-osx-x86_64