CRAN Package Check Results for Package ergmito

Last updated on 2022-01-17 23:51:22 CET.

Flavor Version Tinstall Tcheck Ttotal Status Flags
r-devel-linux-x86_64-debian-clang 0.3-0 111.99 232.23 344.22 OK
r-devel-linux-x86_64-debian-gcc 0.3-0 87.82 173.92 261.74 OK
r-devel-linux-x86_64-fedora-clang 0.3-0 453.28 NOTE
r-devel-linux-x86_64-fedora-gcc 0.3-0 425.33 OK
r-devel-windows-x86_64-new-UL 0.3-0 156.00 276.00 432.00 OK
r-devel-windows-x86_64-new-TK 0.3-0 OK
r-patched-linux-x86_64 0.3-0 106.04 220.54 326.58 OK
r-release-linux-x86_64 0.3-0 OK
r-release-macos-arm64 0.3-0 NOTE
r-release-macos-x86_64 0.3-0 NOTE
r-release-windows-ix86+x86_64 0.3-0 252.00 426.00 678.00 OK
r-oldrel-macos-x86_64 0.3-0 NOTE
r-oldrel-windows-ix86+x86_64 0.3-0 254.00 427.00 681.00 OK

Check Details

Version: 0.3-0
Check: installed package size
Result: NOTE
     installed size is 5.1Mb
     sub-directories of 1Mb or more:
     libs 3.7Mb
Flavors: r-devel-linux-x86_64-fedora-clang, r-release-macos-arm64, r-release-macos-x86_64, r-oldrel-macos-x86_64