CRAN Package Check Results for Package erp.easy

Last updated on 2021-04-12 00:47:47 CEST.

Flavor Version Tinstall Tcheck Ttotal Status Flags
r-devel-linux-x86_64-debian-clang 1.1.0 4.03 33.03 37.06 OK
r-devel-linux-x86_64-debian-gcc 1.1.0 3.12 24.68 27.80 OK
r-devel-linux-x86_64-fedora-clang 1.1.0 53.63 NOTE
r-devel-linux-x86_64-fedora-gcc 1.1.0 40.06 NOTE
r-devel-windows-ix86+x86_64 1.1.0 6.00 56.00 62.00 OK
r-devel-windows-x86_64-gcc10-UCRT 1.1.0 NOTE
r-patched-linux-x86_64 1.1.0 3.30 30.92 34.22 OK
r-patched-solaris-x86 1.1.0 62.50 NOTE
r-release-linux-x86_64 1.1.0 3.85 30.76 34.61 OK
r-release-macos-x86_64 1.1.0 NOTE
r-release-windows-ix86+x86_64 1.1.0 4.00 48.00 52.00 OK
r-oldrel-macos-x86_64 1.1.0 NOTE
r-oldrel-windows-ix86+x86_64 1.1.0 6.00 32.00 38.00 OK

Check Details

Version: 1.1.0
Check: dependencies in R code
Result: NOTE
    Namespace in Imports field not imported from: ‘signal’
     All declared Imports should be used.
Flavors: r-devel-linux-x86_64-fedora-clang, r-devel-linux-x86_64-fedora-gcc, r-devel-windows-x86_64-gcc10-UCRT, r-patched-solaris-x86, r-release-macos-x86_64, r-oldrel-macos-x86_64