CRAN Package Check Results for Package esquisse

Last updated on 2022-01-18 05:50:12 CET.

Flavor Version Tinstall Tcheck Ttotal Status Flags
r-devel-linux-x86_64-debian-clang 1.1.0 16.60 106.64 123.24 OK
r-devel-linux-x86_64-debian-gcc 1.1.0 10.99 80.42 91.41 OK
r-devel-linux-x86_64-fedora-clang 1.1.0 142.02 OK
r-devel-linux-x86_64-fedora-gcc 1.1.0 128.38 OK
r-devel-windows-x86_64-new-UL 1.1.0 162.00 144.00 306.00 OK
r-devel-windows-x86_64-new-TK 1.1.0 OK
r-patched-linux-x86_64 1.1.0 9.56 102.14 111.70 OK
r-release-linux-x86_64 1.1.0 OK
r-release-macos-arm64 1.1.0 OK
r-release-macos-x86_64 1.1.0 WARN --as-cran
r-release-windows-ix86+x86_64 1.1.0 27.00 118.00 145.00 OK
r-oldrel-macos-x86_64 1.0.2 OK
r-oldrel-windows-ix86+x86_64 1.1.0 29.00 117.00 146.00 OK

Check Details

Version: 1.1.0
Flags: --as-cran
Check: CRAN incoming feasibility
Result: WARN
    Maintainer: ‘Victor Perrier <victor.perrier@dreamrs.fr>’
    
    Insufficient package version (submitted: 1.1.0, existing: 1.1.0)
    
    Days since last update: 1
Flavor: r-release-macos-x86_64

Version: 1.1.0
Flags: --as-cran
Check: top-level files
Result: NOTE
    Files ‘README.md’ or ‘NEWS.md’ cannot be checked without ‘pandoc’ being installed.
Flavor: r-release-macos-x86_64