Last updated on 2024-08-16 11:49:39 CEST.
Flavor | Version | Tinstall | Tcheck | Ttotal | Status | Flags |
---|---|---|---|---|---|---|
r-devel-linux-x86_64-debian-clang | 7.0.2 | 85.07 | 84.31 | 169.38 | OK | |
r-devel-linux-x86_64-debian-gcc | 7.0.2 | 59.20 | 60.95 | 120.15 | OK | |
r-devel-linux-x86_64-fedora-clang | 7.0.2 | 340.54 | OK | |||
r-devel-linux-x86_64-fedora-gcc | 7.0.2 | 339.98 | OK | |||
r-devel-windows-x86_64 | 7.0.2 | 101.00 | 115.00 | 216.00 | OK | |
r-patched-linux-x86_64 | 7.0.2 | 80.89 | 79.01 | 159.90 | OK | |
r-release-linux-x86_64 | 7.0.2 | 80.67 | 80.83 | 161.50 | OK | |
r-release-macos-arm64 | 7.0.2 | 81.00 | NOTE | |||
r-release-macos-x86_64 | 7.0.2 | 150.00 | NOTE | |||
r-release-windows-x86_64 | 7.0.2 | 98.00 | 118.00 | 216.00 | OK | |
r-oldrel-macos-arm64 | 7.0.2 | 87.00 | NOTE | |||
r-oldrel-macos-x86_64 | 7.0.2 | 132.00 | NOTE | |||
r-oldrel-windows-x86_64 | 7.0.2 | 117.00 | 140.00 | 257.00 | OK |
Version: 7.0.2
Check: installed package size
Result: NOTE
installed size is 5.7Mb
sub-directories of 1Mb or more:
doc 1.3Mb
libs 3.6Mb
Flavors: r-release-macos-arm64, r-release-macos-x86_64, r-oldrel-macos-arm64, r-oldrel-macos-x86_64