CRAN Package Check Results for Package eurostat

Last updated on 2022-01-22 11:50:58 CET.

Flavor Version Tinstall Tcheck Ttotal Status Flags
r-devel-linux-x86_64-debian-clang 3.7.5 9.93 102.74 112.67 OK
r-devel-linux-x86_64-debian-gcc 3.7.5 9.28 78.36 87.64 OK
r-devel-linux-x86_64-fedora-clang 3.7.5 139.15 NOTE
r-devel-linux-x86_64-fedora-gcc 3.7.5 123.61 NOTE
r-devel-windows-x86_64-new-UL 3.7.5 58.00 136.00 194.00 OK
r-devel-windows-x86_64-new-TK 3.7.5 NOTE
r-patched-linux-x86_64 3.7.5 10.72 97.97 108.69 OK
r-release-linux-x86_64 3.7.5 10.59 98.79 109.38 OK
r-release-macos-arm64 3.7.5 NOTE
r-release-macos-x86_64 3.7.5 NOTE
r-release-windows-ix86+x86_64 3.7.5 23.00 118.00 141.00 OK
r-oldrel-macos-x86_64 3.7.5 NOTE
r-oldrel-windows-ix86+x86_64 3.7.5 27.00 113.00 140.00 OK

Check Details

Version: 3.7.5
Check: dependencies in R code
Result: NOTE
    Namespace in Imports field not imported from: ‘RColorBrewer’
     All declared Imports should be used.
Flavors: r-devel-linux-x86_64-fedora-clang, r-devel-linux-x86_64-fedora-gcc, r-devel-windows-x86_64-new-TK, r-release-macos-arm64, r-release-macos-x86_64, r-oldrel-macos-x86_64

Version: 3.7.5
Check: data for non-ASCII characters
Result: NOTE
     Note: found 1182 marked UTF-8 strings
Flavors: r-devel-linux-x86_64-fedora-clang, r-devel-linux-x86_64-fedora-gcc, r-devel-windows-x86_64-new-TK, r-release-macos-arm64, r-release-macos-x86_64, r-oldrel-macos-x86_64