CRAN Package Check Results for Package eva

Last updated on 2021-10-20 11:52:44 CEST.

Flavor Version Tinstall Tcheck Ttotal Status Flags
r-devel-linux-x86_64-debian-clang 0.2.6 12.13 107.51 119.64 OK
r-devel-linux-x86_64-debian-gcc 0.2.6 10.27 78.71 88.98 OK
r-devel-linux-x86_64-fedora-clang 0.2.6 148.53 NOTE
r-devel-linux-x86_64-fedora-gcc 0.2.6 139.91 NOTE
r-devel-windows-x86_64 0.2.6 19.00 133.00 152.00 OK
r-devel-windows-x86_64-gcc10-UCRT 0.2.6 NOTE
r-patched-linux-x86_64 0.2.6 11.65 100.04 111.69 OK
r-patched-solaris-x86 0.2.6 190.90 NOTE
r-release-linux-x86_64 0.2.6 10.91 101.42 112.33 OK
r-release-macos-arm64 0.2.6 NOTE
r-release-macos-x86_64 0.2.6 NOTE
r-release-windows-ix86+x86_64 0.2.6 24.00 131.00 155.00 OK
r-oldrel-macos-x86_64 0.2.6 NOTE
r-oldrel-windows-ix86+x86_64 0.2.6 25.00 124.00 149.00 OK

Check Details

Version: 0.2.6
Check: dependencies in R code
Result: NOTE
    Namespace in Imports field not imported from: ‘EnvStats’
     All declared Imports should be used.
Flavors: r-devel-linux-x86_64-fedora-clang, r-devel-linux-x86_64-fedora-gcc, r-devel-windows-x86_64-gcc10-UCRT, r-patched-solaris-x86, r-release-macos-arm64, r-release-macos-x86_64, r-oldrel-macos-x86_64