Last updated on 2023-05-30 17:56:36 CEST.
Flavor | Version | Tinstall | Tcheck | Ttotal | Status | Flags |
---|---|---|---|---|---|---|
r-devel-linux-x86_64-debian-clang | 1.1 | 12.25 | 105.02 | 117.27 | NOTE | |
r-devel-linux-x86_64-debian-gcc | 1.1 | 9.49 | 82.50 | 91.99 | NOTE | |
r-devel-linux-x86_64-fedora-clang | 1.1 | 152.50 | NOTE | |||
r-devel-linux-x86_64-fedora-gcc | 1.1 | 144.66 | NOTE | |||
r-devel-windows-x86_64 | 1.1 | 13.00 | 99.00 | 112.00 | OK | |
r-patched-linux-x86_64 | 1.1 | 11.74 | 102.28 | 114.02 | NOTE | |
r-release-linux-x86_64 | 1.1 | 12.71 | 103.13 | 115.84 | NOTE | |
r-release-macos-arm64 | 1.1 | 45.00 | OK | |||
r-release-macos-x86_64 | 1.1 | 73.00 | OK | |||
r-release-windows-x86_64 | 1.1 | 16.00 | 115.00 | 131.00 | OK | |
r-oldrel-macos-arm64 | 1.1 | 39.00 | OK | |||
r-oldrel-macos-x86_64 | 1.1 | 77.00 | OK | |||
r-oldrel-windows-x86_64 | 1.1 | 16.00 | 119.00 | 135.00 | OK |
Version: 1.1
Check: for non-standard things in the check directory
Result: NOTE
Found the following files/directories:
‘sample .nwk’
Flavors: r-devel-linux-x86_64-debian-clang, r-devel-linux-x86_64-debian-gcc, r-devel-linux-x86_64-fedora-clang, r-devel-linux-x86_64-fedora-gcc, r-patched-linux-x86_64, r-release-linux-x86_64