CRAN Package Check Results for Package evobiR

Last updated on 2020-10-26 05:46:40 CET.

Flavor Version Tinstall Tcheck Ttotal Status Flags
r-devel-linux-x86_64-debian-clang 1.1 10.05 88.71 98.76 NOTE
r-devel-linux-x86_64-debian-gcc 1.1 9.01 67.52 76.53 NOTE
r-devel-linux-x86_64-fedora-clang 1.1 123.81 NOTE
r-devel-linux-x86_64-fedora-gcc 1.1 116.04 NOTE
r-devel-windows-ix86+x86_64 1.1 23.00 109.00 132.00 OK
r-patched-linux-x86_64 1.1 11.01 81.49 92.50 NOTE
r-patched-solaris-x86 1.1 169.30 NOTE
r-release-linux-x86_64 1.1 9.42 81.50 90.92 NOTE
r-release-macos-x86_64 1.1 OK
r-release-windows-ix86+x86_64 1.1 21.00 83.00 104.00 OK
r-oldrel-macos-x86_64 1.1 OK
r-oldrel-windows-ix86+x86_64 1.1 21.00 101.00 122.00 OK

Check Details

Version: 1.1
Check: for non-standard things in the check directory
Result: NOTE
    Found the following files/directories:
     'sample .nwk'
Flavors: r-devel-linux-x86_64-debian-clang, r-devel-linux-x86_64-debian-gcc, r-devel-linux-x86_64-fedora-clang, r-devel-linux-x86_64-fedora-gcc, r-patched-linux-x86_64, r-patched-solaris-x86, r-release-linux-x86_64