CRAN Package Check Results for Package evoper

Last updated on 2019-09-16 05:46:54 CEST.

Flavor Version Tinstall Tcheck Ttotal Status Flags
r-devel-linux-x86_64-debian-clang 0.5.0 15.26 103.24 118.50 OK
r-devel-linux-x86_64-debian-gcc 0.5.0 11.64 79.48 91.12 OK
r-devel-linux-x86_64-fedora-clang 0.5.0 142.91 OK
r-devel-linux-x86_64-fedora-gcc 0.5.0 134.90 OK
r-devel-windows-ix86+x86_64 0.5.0 23.00 6.00 29.00 ERROR
r-patched-linux-x86_64 0.5.0 15.30 104.42 119.72 OK
r-patched-solaris-x86 0.5.0 154.30 OK
r-release-linux-x86_64 0.5.0 13.79 101.00 114.79 OK
r-release-windows-ix86+x86_64 0.5.0 28.00 100.00 128.00 OK
r-release-osx-x86_64 0.5.0 OK
r-oldrel-windows-ix86+x86_64 0.5.0 30.00 96.00 126.00 OK
r-oldrel-osx-x86_64 0.5.0 OK

Check Details

Version: 0.5.0
Check: whether package can be installed
Result: ERROR
    Installation failed.
Flavor: r-devel-windows-ix86+x86_64