CRAN Package Check Results for Package evt0

Last updated on 2020-10-23 23:47:02 CEST.

Flavor Version Tinstall Tcheck Ttotal Status Flags
r-devel-linux-x86_64-debian-clang 1.1-3 2.98 25.74 28.72 NOTE
r-devel-linux-x86_64-debian-gcc 1.1-3 2.30 20.35 22.65 NOTE
r-devel-linux-x86_64-fedora-clang 1.1-3 43.37 NOTE
r-devel-linux-x86_64-fedora-gcc 1.1-3 34.30 NOTE
r-devel-windows-ix86+x86_64 1.1-3 6.00 42.00 48.00 NOTE
r-patched-linux-x86_64 1.1-3 3.21 24.58 27.79 NOTE
r-patched-solaris-x86 1.1-3 50.10 NOTE
r-release-linux-x86_64 1.1-3 3.26 24.79 28.05 NOTE
r-release-macos-x86_64 1.1-3 NOTE
r-release-windows-ix86+x86_64 1.1-3 5.00 33.00 38.00 NOTE
r-oldrel-macos-x86_64 1.1-3 NOTE
r-oldrel-windows-ix86+x86_64 1.1-3 5.00 31.00 36.00 NOTE

Check Details

Version: 1.1-3
Check: dependencies in R code
Result: NOTE
    Package in Depends field not imported from: 'evd'
     These packages need to be imported from (in the NAMESPACE file)
     for when this namespace is loaded but not attached.
Flavors: r-devel-linux-x86_64-debian-clang, r-devel-linux-x86_64-debian-gcc, r-devel-linux-x86_64-fedora-clang, r-devel-linux-x86_64-fedora-gcc, r-devel-windows-ix86+x86_64, r-patched-linux-x86_64, r-patched-solaris-x86, r-release-linux-x86_64, r-release-macos-x86_64, r-release-windows-ix86+x86_64, r-oldrel-macos-x86_64, r-oldrel-windows-ix86+x86_64

Version: 1.1-3
Check: R code for possible problems
Result: NOTE
    DPOT: no visible global function definition for 'optim'
    mop.rho: no visible global function definition for 'median'
    Undefined global functions or variables:
     median optim
    Consider adding
     importFrom("stats", "median", "optim")
    to your NAMESPACE file.
Flavors: r-devel-linux-x86_64-debian-clang, r-devel-linux-x86_64-debian-gcc, r-devel-linux-x86_64-fedora-clang, r-devel-linux-x86_64-fedora-gcc, r-devel-windows-ix86+x86_64, r-patched-linux-x86_64, r-patched-solaris-x86, r-release-linux-x86_64, r-release-macos-x86_64, r-release-windows-ix86+x86_64, r-oldrel-macos-x86_64, r-oldrel-windows-ix86+x86_64