CRAN Package Check Results for Package ewoc

Last updated on 2020-12-04 23:48:16 CET.

Flavor Version Tinstall Tcheck Ttotal Status Flags
r-devel-linux-x86_64-debian-clang 0.3.0 7.15 57.74 64.89 OK
r-devel-linux-x86_64-debian-gcc 0.3.0 6.59 46.79 53.38 OK
r-devel-linux-x86_64-fedora-clang 0.3.0 83.25 NOTE
r-devel-linux-x86_64-fedora-gcc 0.3.0 72.87 NOTE
r-devel-windows-ix86+x86_64 0.3.0 14.00 101.00 115.00 OK
r-patched-linux-x86_64 0.3.0 6.25 53.80 60.05 OK
r-patched-solaris-x86 0.3.0 112.00 NOTE
r-release-linux-x86_64 0.3.0 7.47 55.20 62.67 OK
r-release-macos-x86_64 0.3.0 NOTE
r-release-windows-ix86+x86_64 0.3.0 11.00 76.00 87.00 OK
r-oldrel-macos-x86_64 0.3.0 NOTE
r-oldrel-windows-ix86+x86_64 0.3.0 12.00 89.00 101.00 OK

Check Details

Version: 0.3.0
Check: dependencies in R code
Result: NOTE
    Namespace in Imports field not imported from: ‘parallel’
     All declared Imports should be used.
Flavors: r-devel-linux-x86_64-fedora-clang, r-devel-linux-x86_64-fedora-gcc, r-patched-solaris-x86, r-release-macos-x86_64, r-oldrel-macos-x86_64