CRAN Package Check Results for Package exams

Last updated on 2019-09-20 23:49:39 CEST.

Flavor Version Tinstall Tcheck Ttotal Status Flags
r-devel-linux-x86_64-debian-clang 2.3-4 12.27 158.98 171.25 NOTE
r-devel-linux-x86_64-debian-gcc 2.3-4 10.58 126.51 137.09 NOTE
r-devel-linux-x86_64-fedora-clang 2.3-4 213.64 NOTE
r-devel-linux-x86_64-fedora-gcc 2.3-4 210.41 OK
r-devel-windows-ix86+x86_64 2.3-4 25.00 387.00 412.00 OK
r-patched-linux-x86_64 2.3-4 11.98 155.88 167.86 NOTE
r-patched-solaris-x86 2.3-4 291.20 OK
r-release-linux-x86_64 2.3-4 12.28 157.37 169.65 NOTE
r-release-windows-ix86+x86_64 2.3-4 16.00 450.00 466.00 OK
r-release-osx-x86_64 2.3-4 OK
r-oldrel-windows-ix86+x86_64 2.3-4 16.00 386.00 402.00 OK
r-oldrel-osx-x86_64 2.3-4 OK

Check Details

Version: 2.3-4
Check: R code for possible problems
Result: NOTE
    Found the following assignments to the global environment:
    File 'exams/R/xexams.R':
     assign(".xweave_svg_grdevice", .xweave_svg_grdevice, envir = .GlobalEnv)
Flavors: r-devel-linux-x86_64-debian-clang, r-devel-linux-x86_64-debian-gcc, r-devel-linux-x86_64-fedora-clang, r-patched-linux-x86_64, r-release-linux-x86_64