CRAN Package Check Results for Package exams

Last updated on 2019-06-18 22:50:08 CEST.

Flavor Version Tinstall Tcheck Ttotal Status Flags
r-devel-linux-x86_64-debian-clang 2.3-2 11.94 158.25 170.19 NOTE
r-devel-linux-x86_64-debian-gcc 2.3-2 9.76 127.27 137.03 NOTE
r-devel-linux-x86_64-fedora-clang 2.3-2 208.89 NOTE
r-devel-linux-x86_64-fedora-gcc 2.3-2 204.77 NOTE
r-devel-windows-ix86+x86_64 2.3-2 27.00 492.00 519.00 OK
r-patched-linux-x86_64 2.3-2 14.02 156.22 170.24 NOTE
r-patched-solaris-x86 2.3-2 298.10 OK
r-release-linux-x86_64 2.3-2 12.25 156.44 168.69 NOTE
r-release-windows-ix86+x86_64 2.3-2 24.00 479.00 503.00 OK
r-release-osx-x86_64 2.3-2 OK
r-oldrel-windows-ix86+x86_64 2.3-2 16.00 521.00 537.00 OK
r-oldrel-osx-x86_64 2.3-2 OK

Check Details

Version: 2.3-2
Check: R code for possible problems
Result: NOTE
    Found the following assignments to the global environment:
    File 'exams/R/xexams.R':
     assign(".xweave_svg_grdevice", .xweave_svg_grdevice, envir = .GlobalEnv)
Flavors: r-devel-linux-x86_64-debian-clang, r-devel-linux-x86_64-debian-gcc, r-devel-linux-x86_64-fedora-clang, r-patched-linux-x86_64, r-release-linux-x86_64

Version: 2.3-2
Check: for non-standard things in the check directory
Result: NOTE
    Found the following files/directories:
     'uibk1.pdf' 'uibk2.pdf'
Flavors: r-devel-linux-x86_64-debian-clang, r-devel-linux-x86_64-debian-gcc, r-devel-linux-x86_64-fedora-clang, r-devel-linux-x86_64-fedora-gcc