CRAN Package Check Results for Package exifr

Last updated on 2022-05-18 18:52:20 CEST.

Flavor Version Tinstall Tcheck Ttotal Status Flags
r-devel-linux-x86_64-debian-clang 0.3.2 2.86 76.79 79.65 NOTE
r-devel-linux-x86_64-debian-gcc 0.3.2 2.51 55.67 58.18 NOTE
r-devel-linux-x86_64-fedora-clang 0.3.2 100.64 NOTE
r-devel-linux-x86_64-fedora-gcc 0.3.2 97.71 NOTE
r-devel-windows-x86_64 0.3.2 64.00 114.00 178.00 NOTE
r-patched-linux-x86_64 0.3.2 2.18 75.26 77.44 NOTE
r-release-linux-x86_64 0.3.2 2.53 74.25 76.78 NOTE
r-release-macos-arm64 0.3.2 32.00 NOTE
r-release-macos-x86_64 0.3.2 49.00 NOTE
r-release-windows-x86_64 0.3.2 56.00 113.00 169.00 NOTE
r-oldrel-macos-arm64 0.3.2 42.00 NOTE
r-oldrel-macos-x86_64 0.3.2 47.00 NOTE
r-oldrel-windows-ix86+x86_64 0.3.2 16.00 115.00 131.00 NOTE

Check Details

Version: 0.3.2
Check: LazyData
Result: NOTE
     'LazyData' is specified without a 'data' directory
Flavors: r-devel-linux-x86_64-debian-clang, r-devel-linux-x86_64-debian-gcc, r-devel-linux-x86_64-fedora-clang, r-devel-linux-x86_64-fedora-gcc, r-devel-windows-x86_64, r-patched-linux-x86_64, r-release-linux-x86_64, r-release-macos-arm64, r-release-macos-x86_64, r-release-windows-x86_64, r-oldrel-macos-arm64, r-oldrel-macos-x86_64, r-oldrel-windows-ix86+x86_64

Version: 0.3.2
Check: installed package size
Result: NOTE
     installed size is 14.2Mb
     sub-directories of 1Mb or more:
     exiftool 14.1Mb
Flavors: r-devel-windows-x86_64, r-release-macos-arm64, r-release-macos-x86_64, r-release-windows-x86_64, r-oldrel-macos-arm64, r-oldrel-macos-x86_64