CRAN Package Check Results for Package exifr

Last updated on 2019-11-11 23:50:22 CET.

Flavor Version Tinstall Tcheck Ttotal Status Flags
r-devel-linux-x86_64-debian-clang 0.3.1 2.83 60.38 63.21 OK
r-devel-linux-x86_64-debian-gcc 0.3.1 2.02 44.37 46.39 OK
r-devel-linux-x86_64-fedora-clang 0.3.1 81.20 OK
r-devel-linux-x86_64-fedora-gcc 0.3.1 78.95 OK
r-devel-windows-ix86+x86_64 0.3.1 13.00 102.00 115.00 OK
r-patched-linux-x86_64 0.3.1 2.52 58.91 61.43 OK
r-patched-solaris-x86 0.3.1 98.70 NOTE
r-release-linux-x86_64 0.3.1 2.47 58.38 60.85 OK
r-release-windows-ix86+x86_64 0.3.1 14.00 143.00 157.00 OK
r-release-osx-x86_64 0.3.1 NOTE
r-oldrel-windows-ix86+x86_64 0.3.1 7.00 129.00 136.00 OK
r-oldrel-osx-x86_64 0.3.1 NOTE

Check Details

Version: 0.3.1
Check: installed package size
Result: NOTE
     installed size is 14.6Mb
     sub-directories of 1Mb or more:
     exiftool 14.5Mb
Flavors: r-patched-solaris-x86, r-release-osx-x86_64, r-oldrel-osx-x86_64