CRAN Package Check Results for Package expDB

Last updated on 2023-03-29 11:52:14 CEST.

Flavor Version Tinstall Tcheck Ttotal Status Flags
r-devel-linux-x86_64-debian-clang 0.1.0 6.09 47.20 53.29 OK
r-devel-linux-x86_64-debian-gcc 0.1.0 4.56 36.02 40.58 OK
r-devel-linux-x86_64-fedora-clang 0.1.0 67.40 NOTE
r-devel-linux-x86_64-fedora-gcc 0.1.0 68.37 NOTE
r-devel-windows-x86_64 0.1.0 31.00 0.00 31.00 OK
r-patched-linux-x86_64 0.1.0 5.92 45.75 51.67 OK
r-release-linux-x86_64 0.1.0 4.04 47.71 51.75 OK
r-release-macos-arm64 0.1.0 24.00 NOTE
r-release-macos-x86_64 0.1.0 38.00 NOTE
r-release-windows-x86_64 0.1.0 11.00 79.00 90.00 OK
r-oldrel-macos-arm64 0.1.0 26.00 NOTE
r-oldrel-macos-x86_64 0.1.0 31.00 NOTE
r-oldrel-windows-ix86+x86_64 0.1.0 14.00 76.00 90.00 OK

Check Details

Version: 0.1.0
Check: dependencies in R code
Result: NOTE
    Namespace in Imports field not imported from: ‘tidyverse’
     All declared Imports should be used.
Flavors: r-devel-linux-x86_64-fedora-clang, r-devel-linux-x86_64-fedora-gcc, r-release-macos-arm64, r-release-macos-x86_64, r-oldrel-macos-arm64, r-oldrel-macos-x86_64