CRAN Package Check Results for Package exsic

Last updated on 2021-06-20 05:48:23 CEST.

Flavor Version Tinstall Tcheck Ttotal Status Flags
r-devel-linux-x86_64-debian-clang 1.1.1 3.53 29.92 33.45 NOTE
r-devel-linux-x86_64-debian-gcc 1.1.1 2.62 23.16 25.78 NOTE
r-devel-linux-x86_64-fedora-clang 1.1.1 50.15 NOTE
r-devel-linux-x86_64-fedora-gcc 1.1.1 39.28 NOTE
r-devel-windows-x86_64 1.1.1 5.00 35.00 40.00 NOTE
r-devel-windows-x86_64-gcc10-UCRT 1.1.1 NOTE
r-patched-linux-x86_64 1.1.1 3.78 28.97 32.75 NOTE
r-patched-solaris-x86 1.1.1 58.40 NOTE
r-release-linux-x86_64 1.1.1 3.07 29.63 32.70 NOTE
r-release-macos-arm64 1.1.1 NOTE
r-release-macos-x86_64 1.1.1 NOTE
r-release-windows-ix86+x86_64 1.1.1 6.00 43.00 49.00 NOTE
r-oldrel-macos-x86_64 1.1.1 NOTE
r-oldrel-windows-ix86+x86_64 1.1.1 4.00 46.00 50.00 NOTE

Check Details

Version: 1.1.1
Check: R code for possible problems
Result: NOTE
    index.citations: no visible global function definition for
     'txtProgressBar'
    read.exsic: no visible global function definition for 'read.csv'
    update.pb: no visible global function definition for
     'setTxtProgressBar'
    Undefined global functions or variables:
     read.csv setTxtProgressBar txtProgressBar
    Consider adding
     importFrom("utils", "read.csv", "setTxtProgressBar", "txtProgressBar")
    to your NAMESPACE file.
Flavors: r-devel-linux-x86_64-debian-clang, r-devel-linux-x86_64-debian-gcc, r-devel-linux-x86_64-fedora-clang, r-devel-linux-x86_64-fedora-gcc, r-devel-windows-x86_64, r-devel-windows-x86_64-gcc10-UCRT, r-patched-linux-x86_64, r-patched-solaris-x86, r-release-linux-x86_64, r-release-macos-arm64, r-release-macos-x86_64, r-release-windows-ix86+x86_64, r-oldrel-macos-x86_64, r-oldrel-windows-ix86+x86_64