Last updated on 2024-04-23 05:58:10 CEST.
Flavor | Version | Tinstall | Tcheck | Ttotal | Status | Flags |
---|---|---|---|---|---|---|
r-devel-linux-x86_64-debian-clang | 1.2.1 | 11.45 | 83.12 | 94.57 | OK | |
r-devel-linux-x86_64-debian-gcc | 1.2.1 | 8.54 | 62.50 | 71.04 | OK | |
r-devel-linux-x86_64-fedora-clang | 1.2.1 | 118.07 | NOTE | |||
r-devel-linux-x86_64-fedora-gcc | 1.2.1 | 110.47 | NOTE | |||
r-prerel-macos-arm64 | 1.2.1 | 35.00 | OK | |||
r-prerel-windows-x86_64 | 1.2.1 | 13.00 | 78.00 | 91.00 | OK | |
r-patched-linux-x86_64 | 1.2.1 | 9.63 | 80.56 | 90.19 | OK | |
r-release-linux-x86_64 | 1.2.1 | 10.84 | 80.64 | 91.48 | OK | |
r-release-macos-arm64 | 1.2.1 | 40.00 | OK | |||
r-release-macos-x86_64 | 1.2.1 | 64.00 | OK | |||
r-release-windows-x86_64 | 1.2.1 | 14.00 | 92.00 | 106.00 | OK | |
r-oldrel-macos-arm64 | 1.2.1 | 37.00 | OK | |||
r-oldrel-windows-x86_64 | 1.2.1 | 14.00 | 94.00 | 108.00 | OK |
Version: 1.2.1
Check: compiled code
Result: NOTE
File ‘extremis/libs/extremis.so’:
Found no calls to: ‘R_registerRoutines’, ‘R_useDynamicSymbols’
It is good practice to register native routines and to disable symbol
search.
See ‘Writing portable packages’ in the ‘Writing R Extensions’ manual.
Flavors: r-devel-linux-x86_64-fedora-clang, r-devel-linux-x86_64-fedora-gcc