CRAN Package Check Results for Package eyetrackingR

Last updated on 2019-10-10 05:47:35 CEST.

Flavor Version Tinstall Tcheck Ttotal Status Flags
r-devel-linux-x86_64-debian-clang 0.1.8 9.64 329.46 339.10 OK
r-devel-linux-x86_64-debian-gcc 0.1.8 7.35 251.83 259.18 OK
r-devel-linux-x86_64-fedora-clang 0.1.8 373.33 OK
r-devel-linux-x86_64-fedora-gcc 0.1.8 376.31 OK
r-devel-windows-ix86+x86_64 0.1.8 22.00 321.00 343.00 NOTE
r-patched-linux-x86_64 0.1.8 7.90 315.57 323.47 OK
r-patched-solaris-x86 0.1.8 571.60 OK
r-release-linux-x86_64 0.1.8 6.97 309.25 316.22 OK
r-release-windows-ix86+x86_64 0.1.8 28.00 311.00 339.00 NOTE
r-release-osx-x86_64 0.1.8 OK
r-oldrel-windows-ix86+x86_64 0.1.8 10.00 303.00 313.00 NOTE
r-oldrel-osx-x86_64 0.1.8 OK

Check Details

Version: 0.1.8
Check: package dependencies
Result: NOTE
    Package suggested but not available for checking: 'doMC'
Flavors: r-devel-windows-ix86+x86_64, r-release-windows-ix86+x86_64, r-oldrel-windows-ix86+x86_64