Last updated on 2024-08-16 11:49:39 CEST.
Flavor | Version | Tinstall | Tcheck | Ttotal | Status | Flags |
---|---|---|---|---|---|---|
r-devel-linux-x86_64-debian-clang | 0.2.1 | 8.49 | 373.50 | 381.99 | OK | |
r-devel-linux-x86_64-debian-gcc | 0.2.1 | 5.69 | 250.72 | 256.41 | OK | |
r-devel-linux-x86_64-fedora-clang | 0.2.1 | 614.67 | NOTE | |||
r-devel-linux-x86_64-fedora-gcc | 0.2.1 | 600.94 | NOTE | |||
r-devel-windows-x86_64 | 0.2.1 | 10.00 | 321.00 | 331.00 | NOTE | |
r-patched-linux-x86_64 | 0.2.1 | 8.71 | 353.25 | 361.96 | OK | |
r-release-linux-x86_64 | 0.2.1 | 7.74 | 352.22 | 359.96 | OK | |
r-release-macos-arm64 | 0.2.1 | 165.00 | OK | |||
r-release-macos-x86_64 | 0.2.1 | 256.00 | OK | |||
r-release-windows-x86_64 | 0.2.1 | 9.00 | 314.00 | 323.00 | NOTE | |
r-oldrel-macos-arm64 | 0.2.1 | 171.00 | OK | |||
r-oldrel-macos-x86_64 | 0.2.1 | 493.00 | OK | |||
r-oldrel-windows-x86_64 | 0.2.1 | 13.00 | 445.00 | 458.00 | NOTE |
Version: 0.2.1
Check: dependencies in R code
Result: NOTE
Namespace in Imports field not imported from: ‘rlang’
All declared Imports should be used.
Flavors: r-devel-linux-x86_64-fedora-clang, r-devel-linux-x86_64-fedora-gcc
Version: 0.2.1
Check: package dependencies
Result: NOTE
Package suggested but not available for checking: 'doMC'
Flavors: r-devel-windows-x86_64, r-release-windows-x86_64, r-oldrel-windows-x86_64