CRAN Package Check Results for Package fAsianOptions

Last updated on 2022-01-26 23:50:17 CET.

Flavor Version Tinstall Tcheck Ttotal Status Flags
r-devel-linux-x86_64-debian-clang 3042.82 11.40 75.85 87.25 NOTE
r-devel-linux-x86_64-debian-gcc 3042.82 8.73 57.93 66.66 NOTE
r-devel-linux-x86_64-fedora-clang 3042.82 101.65 NOTE
r-devel-linux-x86_64-fedora-gcc 3042.82 93.92 NOTE
r-devel-windows-x86_64-new-UL 3042.82 129.00 93.00 222.00 NOTE
r-devel-windows-x86_64-new-TK 3042.82 NOTE
r-patched-linux-x86_64 3042.82 12.43 69.92 82.35 NOTE
r-release-linux-x86_64 3042.82 12.30 70.36 82.66 NOTE
r-release-macos-arm64 3042.82 NOTE
r-release-macos-x86_64 3042.82 NOTE
r-release-windows-ix86+x86_64 3042.82 28.00 110.00 138.00 NOTE
r-oldrel-macos-x86_64 3042.82 OK
r-oldrel-windows-ix86+x86_64 3042.82 26.00 107.00 133.00 OK

Check Details

Version: 3042.82
Check: LazyData
Result: NOTE
     'LazyData' is specified without a 'data' directory
Flavors: r-devel-linux-x86_64-debian-clang, r-devel-linux-x86_64-debian-gcc, r-devel-linux-x86_64-fedora-clang, r-devel-linux-x86_64-fedora-gcc, r-devel-windows-x86_64-new-UL, r-devel-windows-x86_64-new-TK, r-patched-linux-x86_64, r-release-linux-x86_64, r-release-macos-arm64, r-release-macos-x86_64, r-release-windows-ix86+x86_64

Version: 3042.82
Check: compiled code
Result: NOTE
    File ‘fAsianOptions/libs/fAsianOptions.so’:
     Found no calls to: ‘R_registerRoutines’, ‘R_useDynamicSymbols’
    
    It is good practice to register native routines and to disable symbol
    search.
    
    See ‘Writing portable packages’ in the ‘Writing R Extensions’ manual.
Flavors: r-devel-linux-x86_64-fedora-clang, r-devel-linux-x86_64-fedora-gcc