Last updated on 2023-09-26 01:06:21 CEST.
Flavor | Version | Tinstall | Tcheck | Ttotal | Status | Flags |
---|---|---|---|---|---|---|
r-devel-linux-x86_64-debian-clang | 0.13.0 | 16.69 | 169.57 | 186.26 | NOTE | |
r-devel-linux-x86_64-debian-gcc | 0.13.0 | 14.54 | 129.31 | 143.85 | NOTE | |
r-devel-linux-x86_64-fedora-clang | 0.13.0 | 220.13 | NOTE | |||
r-devel-linux-x86_64-fedora-gcc | 0.13.0 | 225.66 | NOTE | |||
r-devel-windows-x86_64 | 0.13.0 | 15.00 | 134.00 | 149.00 | NOTE | |
r-patched-linux-x86_64 | 0.13.0 | 17.07 | 161.57 | 178.64 | OK | |
r-release-linux-x86_64 | 0.13.0 | 15.94 | 161.08 | 177.02 | OK | |
r-release-macos-arm64 | 0.13.0 | 74.00 | OK | |||
r-release-macos-x86_64 | 0.13.0 | 110.00 | OK | |||
r-release-windows-x86_64 | 0.13.0 | 21.00 | 165.00 | 186.00 | OK | |
r-oldrel-macos-arm64 | 0.13.0 | 67.00 | OK | |||
r-oldrel-macos-x86_64 | 0.13.0 | 92.00 | OK | |||
r-oldrel-windows-x86_64 | 0.13.0 | 22.00 | 166.00 | 188.00 | OK |
Version: 0.13.0
Check: Rd \usage sections
Result: NOTE
Documented arguments not in \usage in documentation object 'RD_impData':
‘cutoff’
Functions with \usage entries need to have the appropriate \alias
entries, and all their arguments documented.
The \usage entries must correspond to syntactically valid R code.
See chapter ‘Writing R documentation files’ in the ‘Writing R
Extensions’ manual.
Flavors: r-devel-linux-x86_64-debian-clang, r-devel-linux-x86_64-debian-gcc, r-devel-linux-x86_64-fedora-clang, r-devel-linux-x86_64-fedora-gcc, r-devel-windows-x86_64