Last updated on 2024-04-25 23:51:42 CEST.
Flavor | Version | Tinstall | Tcheck | Ttotal | Status | Flags |
---|---|---|---|---|---|---|
r-devel-linux-x86_64-debian-clang | 4023.84 | 29.00 | 189.15 | 218.15 | NOTE | |
r-devel-linux-x86_64-debian-gcc | 4023.84 | 23.48 | 135.76 | 159.24 | NOTE | |
r-devel-linux-x86_64-fedora-clang | 4023.84 | 266.28 | NOTE | |||
r-devel-linux-x86_64-fedora-gcc | 4023.84 | 251.78 | NOTE | |||
r-devel-windows-x86_64 | 4023.84 | 23.00 | 136.00 | 159.00 | OK | |
r-patched-linux-x86_64 | 4023.84 | 31.47 | 179.10 | 210.57 | NOTE | |
r-release-linux-x86_64 | 4023.84 | 31.48 | 183.51 | 214.99 | NOTE | |
r-release-macos-arm64 | 4023.84 | 63.00 | NOTE | |||
r-release-windows-x86_64 | 4023.84 | 23.00 | 133.00 | 156.00 | OK | |
r-oldrel-macos-arm64 | 4023.84 | 65.00 | OK | |||
r-oldrel-macos-x86_64 | 4023.84 | 149.00 | OK | |||
r-oldrel-windows-x86_64 | 4023.84 | 32.00 | 169.00 | 201.00 | OK |
Version: 4023.84
Check: package dependencies
Result: NOTE
Package suggested but not available for checking: ‘bcp’
Flavors: r-devel-linux-x86_64-debian-clang, r-devel-linux-x86_64-debian-gcc, r-devel-linux-x86_64-fedora-clang, r-devel-linux-x86_64-fedora-gcc, r-patched-linux-x86_64, r-release-linux-x86_64, r-release-macos-arm64