CRAN Package Check Results for Package fable.prophet

Last updated on 2023-05-28 12:01:49 CEST.

Flavor Version Tinstall Tcheck Ttotal Status Flags
r-devel-linux-x86_64-debian-clang 0.1.0 8.01 132.10 140.11 NOTE
r-devel-linux-x86_64-debian-gcc 0.1.0 7.09 95.59 102.68 NOTE
r-devel-linux-x86_64-fedora-clang 0.1.0 181.08 NOTE
r-devel-linux-x86_64-fedora-gcc 0.1.0 172.25 NOTE
r-devel-windows-x86_64 0.1.0 9.00 113.00 122.00 NOTE
r-patched-linux-x86_64 0.1.0 7.77 122.95 130.72 NOTE
r-release-linux-x86_64 0.1.0 5.45 122.34 127.79 NOTE
r-release-macos-arm64 0.1.0 58.00 NOTE
r-release-macos-x86_64 0.1.0 84.00 NOTE
r-release-windows-x86_64 0.1.0 11.00 134.00 145.00 NOTE
r-oldrel-macos-arm64 0.1.0 54.00 NOTE
r-oldrel-macos-x86_64 0.1.0 96.00 NOTE
r-oldrel-windows-x86_64 0.1.0 12.00 140.00 152.00 NOTE

Check Details

Version: 0.1.0
Check: LazyData
Result: NOTE
     'LazyData' is specified without a 'data' directory
Flavors: r-devel-linux-x86_64-debian-clang, r-devel-linux-x86_64-debian-gcc, r-devel-linux-x86_64-fedora-clang, r-devel-linux-x86_64-fedora-gcc, r-devel-windows-x86_64, r-patched-linux-x86_64, r-release-linux-x86_64, r-release-macos-arm64, r-release-macos-x86_64, r-release-windows-x86_64, r-oldrel-macos-arm64, r-oldrel-macos-x86_64, r-oldrel-windows-x86_64

Version: 0.1.0
Check: Rd cross-references
Result: NOTE
    Undeclared package ‘tibble’ in Rd xrefs
Flavor: r-devel-linux-x86_64-fedora-clang