CRAN Package Check Results for Package fabricatr

Last updated on 2024-06-13 11:48:10 CEST.

Flavor Version Tinstall Tcheck Ttotal Status Flags
r-devel-linux-x86_64-debian-clang 1.0.2 4.77 45.49 50.26 OK
r-devel-linux-x86_64-debian-gcc 1.0.2 3.55 29.14 32.69 ERROR
r-devel-linux-x86_64-fedora-clang 1.0.2 65.50 OK
r-devel-linux-x86_64-fedora-gcc 1.0.2 58.67 OK
r-devel-windows-x86_64 1.0.2 5.00 55.00 60.00 OK
r-patched-linux-x86_64 1.0.2 4.83 44.53 49.36 OK
r-release-linux-x86_64 1.0.2 3.22 43.53 46.75 OK
r-release-macos-arm64 1.0.2 22.00 OK
r-release-macos-x86_64 1.0.2 32.00 OK
r-release-windows-x86_64 1.0.2 5.00 54.00 59.00 OK
r-oldrel-macos-arm64 1.0.2 29.00 OK
r-oldrel-macos-x86_64 1.0.2 56.00 OK
r-oldrel-windows-x86_64 1.0.2 4.00 62.00 66.00 OK

Check Details

Version: 1.0.2
Check: package dependencies
Result: NOTE Package suggested but not available for checking: ‘testthat’ Flavor: r-devel-linux-x86_64-debian-gcc

Version: 1.0.2
Check: tests
Result: ERROR Running ‘testthat.R’ [0s/1s] Running the tests in ‘tests/testthat.R’ failed. Complete output: > library(testthat) Error in library(testthat) : there is no package called 'testthat' Execution halted Flavor: r-devel-linux-x86_64-debian-gcc