CRAN Package Check Results for Package factory

Last updated on 2024-05-22 12:21:21 CEST.

Flavor Version Tinstall Tcheck Ttotal Status Flags
r-devel-linux-x86_64-debian-clang 0.1.0 3.07 36.28 39.35 NOTE
r-devel-linux-x86_64-debian-gcc 0.1.0 2.22 27.89 30.11 NOTE
r-devel-linux-x86_64-fedora-clang 0.1.0 52.68 NOTE
r-devel-linux-x86_64-fedora-gcc 0.1.0 59.83 NOTE
r-devel-windows-x86_64 0.1.0 4.00 49.00 53.00 NOTE
r-patched-linux-x86_64 0.1.0 3.20 33.94 37.14 NOTE
r-release-linux-x86_64 0.1.0 1.92 34.69 36.61 NOTE
r-release-macos-arm64 0.1.0 25.00 NOTE
r-release-windows-x86_64 0.1.0 3.00 50.00 53.00 NOTE
r-oldrel-macos-arm64 0.1.0 26.00 NOTE
r-oldrel-macos-x86_64 0.1.0 36.00 NOTE
r-oldrel-windows-x86_64 0.1.0 4.00 52.00 56.00 NOTE

Check Details

Version: 0.1.0
Check: LazyData
Result: NOTE 'LazyData' is specified without a 'data' directory Flavors: r-devel-linux-x86_64-debian-clang, r-devel-linux-x86_64-debian-gcc, r-devel-linux-x86_64-fedora-clang, r-devel-linux-x86_64-fedora-gcc, r-devel-windows-x86_64, r-patched-linux-x86_64, r-release-linux-x86_64, r-release-macos-arm64, r-release-windows-x86_64, r-oldrel-macos-arm64, r-oldrel-macos-x86_64, r-oldrel-windows-x86_64