CRAN Package Check Results for Package factory

Last updated on 2025-01-15 11:50:18 CET.

Flavor Version Tinstall Tcheck Ttotal Status Flags
r-devel-linux-x86_64-debian-clang 0.1.0 2.37 28.78 31.15 OK
r-devel-linux-x86_64-debian-gcc 0.1.0 1.65 22.31 23.96 OK
r-devel-linux-x86_64-fedora-clang 0.1.0 50.80 OK
r-devel-linux-x86_64-fedora-gcc 0.1.0 62.29 OK
r-devel-windows-x86_64 0.1.0 4.00 51.00 55.00 OK
r-patched-linux-x86_64 0.1.0 2.16 27.09 29.25 NOTE
r-release-linux-x86_64 0.1.0 2.26 27.17 29.43 NOTE
r-release-macos-arm64 0.1.0 25.00 NOTE
r-release-macos-x86_64 0.1.0 36.00 NOTE
r-release-windows-x86_64 0.1.0 4.00 54.00 58.00 NOTE
r-oldrel-macos-arm64 0.1.0 26.00 NOTE
r-oldrel-macos-x86_64 0.1.0 36.00 NOTE
r-oldrel-windows-x86_64 0.1.0 4.00 51.00 55.00 NOTE

Check Details

Version: 0.1.0
Check: LazyData
Result: NOTE 'LazyData' is specified without a 'data' directory Flavors: r-patched-linux-x86_64, r-release-linux-x86_64, r-release-macos-arm64, r-release-macos-x86_64, r-release-windows-x86_64, r-oldrel-macos-arm64, r-oldrel-macos-x86_64, r-oldrel-windows-x86_64