Last updated on 2021-01-22 11:50:14 CET.
Flavor | Version | Tinstall | Tcheck | Ttotal | Status | Flags |
---|---|---|---|---|---|---|
r-devel-linux-x86_64-debian-clang | 0.2.4 | 8.51 | 250.34 | 258.85 | OK | |
r-devel-linux-x86_64-debian-gcc | 0.2.4 | 6.66 | 187.75 | 194.41 | OK | |
r-devel-linux-x86_64-fedora-clang | 0.2.4 | 297.74 | OK | |||
r-devel-linux-x86_64-fedora-gcc | 0.2.4 | 294.75 | OK | |||
r-devel-windows-ix86+x86_64 | 0.2.4 | 20.00 | 266.00 | 286.00 | OK | |
r-patched-linux-x86_64 | 0.2.4 | 7.10 | 235.41 | 242.51 | OK | |
r-patched-solaris-x86 | 0.2.4 | 1095.70 | NOTE | |||
r-release-linux-x86_64 | 0.2.4 | 7.52 | 238.14 | 245.66 | OK | |
r-release-macos-x86_64 | 0.2.4 | OK | ||||
r-release-windows-ix86+x86_64 | 0.2.4 | 21.00 | 286.00 | 307.00 | OK | |
r-oldrel-macos-x86_64 | 0.2.4 | OK | ||||
r-oldrel-windows-ix86+x86_64 | 0.2.4 | 12.00 | 214.00 | 226.00 | OK |
Version: 0.2.4
Check: installed package size
Result: NOTE
installed size is 5.0Mb
sub-directories of 1Mb or more:
doc 3.7Mb
Flavor: r-patched-solaris-x86