Last updated on 2024-08-16 11:49:40 CEST.
Flavor | Version | Tinstall | Tcheck | Ttotal | Status | Flags |
---|---|---|---|---|---|---|
r-devel-linux-x86_64-debian-clang | 0.1.2 | 1.59 | 17.68 | 19.27 | NOTE | |
r-devel-linux-x86_64-debian-gcc | 0.1.2 | 1.35 | 14.38 | 15.73 | NOTE | |
r-devel-linux-x86_64-fedora-clang | 0.1.2 | 31.12 | NOTE | |||
r-devel-linux-x86_64-fedora-gcc | 0.1.2 | 29.50 | NOTE | |||
r-devel-windows-x86_64 | 0.1.2 | 3.00 | 40.00 | 43.00 | NOTE | |
r-patched-linux-x86_64 | 0.1.2 | 1.66 | 17.02 | 18.68 | NOTE | |
r-release-linux-x86_64 | 0.1.2 | 1.56 | 16.99 | 18.55 | NOTE | |
r-release-macos-arm64 | 0.1.2 | 14.00 | NOTE | |||
r-release-macos-x86_64 | 0.1.2 | 22.00 | NOTE | |||
r-release-windows-x86_64 | 0.1.2 | 4.00 | 39.00 | 43.00 | NOTE | |
r-oldrel-macos-arm64 | 0.1.2 | 15.00 | NOTE | |||
r-oldrel-macos-x86_64 | 0.1.2 | 21.00 | NOTE | |||
r-oldrel-windows-x86_64 | 0.1.2 | 2.00 | 40.00 | 42.00 | NOTE |
Version: 0.1.2
Check: LazyData
Result: NOTE
'LazyData' is specified without a 'data' directory
Flavors: r-devel-linux-x86_64-debian-clang, r-devel-linux-x86_64-debian-gcc, r-devel-linux-x86_64-fedora-clang, r-devel-linux-x86_64-fedora-gcc, r-devel-windows-x86_64, r-patched-linux-x86_64, r-release-linux-x86_64, r-release-macos-arm64, r-release-macos-x86_64, r-release-windows-x86_64, r-oldrel-macos-arm64, r-oldrel-macos-x86_64, r-oldrel-windows-x86_64