Last updated on 2023-03-30 11:54:25 CEST.
Flavor | Version | Tinstall | Tcheck | Ttotal | Status | Flags |
---|---|---|---|---|---|---|
r-devel-linux-x86_64-debian-clang | 0.2.30 | 7.06 | 58.22 | 65.28 | OK | |
r-devel-linux-x86_64-debian-gcc | 0.2.30 | 5.69 | 44.28 | 49.97 | OK | |
r-devel-linux-x86_64-fedora-clang | 0.2.30 | 81.57 | NOTE | |||
r-devel-linux-x86_64-fedora-gcc | 0.2.30 | 82.89 | NOTE | |||
r-devel-windows-x86_64 | 0.2.30 | 46.00 | 112.00 | 158.00 | OK | |
r-patched-linux-x86_64 | 0.2.30 | 6.66 | 54.68 | 61.34 | OK | |
r-release-linux-x86_64 | 0.2.30 | 7.81 | 56.37 | 64.18 | OK | |
r-release-macos-arm64 | 0.2.30 | 30.00 | OK | |||
r-release-macos-x86_64 | 0.2.30 | 45.00 | OK | |||
r-release-windows-x86_64 | 0.2.30 | 58.00 | 95.00 | 153.00 | OK | |
r-oldrel-macos-arm64 | 0.2.30 | 40.00 | OK | |||
r-oldrel-macos-x86_64 | 0.2.30 | 48.00 | OK | |||
r-oldrel-windows-ix86+x86_64 | 0.2.30 | 14.00 | 90.00 | 104.00 | OK |
Version: 0.2.30
Check: data for non-ASCII characters
Result: NOTE
Note: found 1430 marked UTF-8 strings
Flavors: r-devel-linux-x86_64-fedora-clang, r-devel-linux-x86_64-fedora-gcc