CRAN Package Check Results for Package farrell

Last updated on 2021-01-22 11:50:14 CET.

Flavor Version Tinstall Tcheck Ttotal Status Flags
r-devel-linux-x86_64-debian-clang 0.2.1 2.33 24.91 27.24 OK
r-devel-linux-x86_64-debian-gcc 0.2.1 1.99 19.61 21.60 OK
r-devel-linux-x86_64-fedora-clang 0.2.1 41.94 NOTE
r-devel-linux-x86_64-fedora-gcc 0.2.1 32.37 NOTE
r-devel-windows-ix86+x86_64 0.2.1 7.00 40.00 47.00 OK
r-patched-linux-x86_64 0.2.1 2.30 23.92 26.22 OK
r-patched-solaris-x86 0.2.1 48.80 NOTE
r-release-linux-x86_64 0.2.1 2.27 24.71 26.98 OK
r-release-macos-x86_64 0.2.1 NOTE
r-release-windows-ix86+x86_64 0.2.1 17.00 40.00 57.00 OK
r-oldrel-macos-x86_64 0.2.1 NOTE
r-oldrel-windows-ix86+x86_64 0.2.1 4.00 30.00 34.00 OK

Check Details

Version: 0.2.1
Check: dependencies in R code
Result: NOTE
    Namespace in Imports field not imported from: ‘rlang’
     All declared Imports should be used.
Flavors: r-devel-linux-x86_64-fedora-clang, r-devel-linux-x86_64-fedora-gcc, r-patched-solaris-x86, r-release-macos-x86_64, r-oldrel-macos-x86_64