Last updated on 2021-03-09 05:47:05 CET.
Flavor | Version | Tinstall | Tcheck | Ttotal | Status | Flags |
---|---|---|---|---|---|---|
r-devel-linux-x86_64-debian-clang | 2.1.0 | 34.53 | 23.83 | 58.36 | OK | |
r-devel-linux-x86_64-debian-gcc | 2.1.0 | 29.72 | 18.92 | 48.64 | OK | |
r-devel-linux-x86_64-fedora-clang | 2.1.0 | 92.03 | NOTE | |||
r-devel-linux-x86_64-fedora-gcc | 2.1.0 | 80.78 | OK | |||
r-devel-windows-ix86+x86_64 | 2.1.0 | 89.00 | 46.00 | 135.00 | OK | |
r-devel-windows-x86_64-gcc10-UCRT | 2.1.0 | OK | ||||
r-patched-linux-x86_64 | 2.1.0 | 32.06 | 23.55 | 55.61 | OK | |
r-patched-solaris-x86 | 2.1.0 | 122.40 | OK | |||
r-release-linux-x86_64 | 2.1.0 | 41.69 | 24.02 | 65.71 | OK | |
r-release-macos-x86_64 | 2.1.0 | OK | ||||
r-release-windows-ix86+x86_64 | 2.1.0 | 79.00 | 58.00 | 137.00 | OK | |
r-oldrel-macos-x86_64 | 2.1.0 | OK | ||||
r-oldrel-windows-ix86+x86_64 | 2.1.0 | 87.00 | 59.00 | 146.00 | OK |
Version: 2.1.0
Check: installed package size
Result: NOTE
installed size is 6.1Mb
sub-directories of 1Mb or more:
help 1.6Mb
libs 4.4Mb
Flavor: r-devel-linux-x86_64-fedora-clang