CRAN Package Check Results for Package farver

Last updated on 2023-05-27 23:57:19 CEST.

Flavor Version Tinstall Tcheck Ttotal Status Flags
r-devel-linux-x86_64-debian-clang 2.1.1 31.10 26.18 57.28 NOTE
r-devel-linux-x86_64-debian-gcc 2.1.1 28.56 20.50 49.06 NOTE
r-devel-linux-x86_64-fedora-clang 2.1.1 78.52 NOTE
r-devel-linux-x86_64-fedora-gcc 2.1.1 99.03 NOTE
r-devel-windows-x86_64 2.1.1 38.00 55.00 93.00 NOTE
r-patched-linux-x86_64 2.1.1 30.86 24.93 55.79 NOTE
r-release-linux-x86_64 2.1.1 30.81 25.19 56.00 NOTE
r-release-macos-arm64 2.1.1 29.00 NOTE
r-release-macos-x86_64 2.1.1 41.00 NOTE
r-release-windows-x86_64 2.1.1 33.00 58.00 91.00 NOTE
r-oldrel-macos-arm64 2.1.1 29.00 OK
r-oldrel-macos-x86_64 2.1.1 58.00 OK
r-oldrel-windows-x86_64 2.1.1 37.00 53.00 90.00 OK

Check Details

Version: 2.1.1
Check: C++ specification
Result: NOTE
     Specified C++11: please drop specification unless essential
Flavors: r-devel-linux-x86_64-debian-clang, r-devel-linux-x86_64-debian-gcc, r-devel-linux-x86_64-fedora-clang, r-devel-linux-x86_64-fedora-gcc, r-devel-windows-x86_64, r-patched-linux-x86_64, r-release-linux-x86_64, r-release-macos-arm64, r-release-macos-x86_64, r-release-windows-x86_64

Version: 2.1.1
Check: installed package size
Result: NOTE
     installed size is 5.3Mb
     sub-directories of 1Mb or more:
     help 1.6Mb
     libs 3.7Mb
Flavor: r-release-macos-x86_64