CRAN Package Check Results for Package fastMatMR

Last updated on 2024-04-22 05:55:30 CEST.

Flavor Version Tinstall Tcheck Ttotal Status Flags
r-devel-linux-x86_64-debian-clang 1.2.5 33.36 39.17 72.53 WARN
r-devel-linux-x86_64-debian-gcc 1.2.5 31.09 30.20 61.29 OK
r-devel-linux-x86_64-fedora-clang 1.2.5 89.93 OK
r-devel-linux-x86_64-fedora-gcc 1.2.5 116.90 OK
r-prerel-macos-arm64 1.2.5 38.00 NOTE
r-prerel-windows-x86_64 1.2.5 31.00 86.00 117.00 OK
r-patched-linux-x86_64 1.2.5 36.05 37.36 73.41 OK
r-release-linux-x86_64 1.2.5 33.38 37.02 70.40 OK
r-release-macos-arm64 1.2.5 53.00 NOTE
r-release-macos-x86_64 1.2.5 116.00 NOTE
r-release-windows-x86_64 1.2.5 37.00 93.00 130.00 OK
r-oldrel-macos-arm64 1.2.5 36.00 NOTE
r-oldrel-windows-x86_64 1.2.5 35.00 85.00 120.00 OK

Check Details

Version: 1.2.5
Check: whether package can be installed
Result: WARN Found the following significant warnings: /usr/bin/../lib/gcc/x86_64-linux-gnu/14/../../../../include/c++/14/functional:558:2: warning: 'result_of<(lambda at ./../inst/include/fast_matrix_market/read_body_threads.hpp:124:52) &()>' is deprecated: use 'std::invoke_result' instead [-Wdeprecated-declarations] /usr/bin/../lib/gcc/x86_64-linux-gnu/14/../../../../include/c++/14/functional:558:2: warning: 'result_of<(lambda at ./../inst/include/fast_matrix_market/read_body_threads.hpp:133:52) &()>' is deprecated: use 'std::invoke_result' instead [-Wdeprecated-declarations] /usr/bin/../lib/gcc/x86_64-linux-gnu/14/../../../../include/c++/14/functional:558:2: warning: 'result_of<(lambda at ./../inst/include/fast_matrix_market/read_body_threads.hpp:144:48) &()>' is deprecated: use 'std::invoke_result' instead [-Wdeprecated-declarations] See ‘/home/hornik/tmp/R.check/r-devel-clang/Work/PKGS/fastMatMR.Rcheck/00install.out’ for details. * used C++ compiler: ‘Debian clang version 18.1.0 (rc4-1)’ Flavor: r-devel-linux-x86_64-debian-clang

Version: 1.2.5
Check: installed package size
Result: NOTE installed size is 5.6Mb sub-directories of 1Mb or more: libs 4.7Mb Flavors: r-prerel-macos-arm64, r-release-macos-arm64, r-release-macos-x86_64, r-oldrel-macos-arm64