CRAN Package Check Results for Package fastadi

Last updated on 2023-09-24 11:26:47 CEST.

Flavor Version Tinstall Tcheck Ttotal Status Flags
r-devel-linux-x86_64-debian-clang 0.1.1 120.40 190.96 311.36 NOTE
r-devel-linux-x86_64-debian-gcc 0.1.1 71.86 139.67 211.53 NOTE
r-devel-linux-x86_64-fedora-clang 0.1.1 385.28 NOTE
r-devel-linux-x86_64-fedora-gcc 0.1.1 375.74 NOTE
r-devel-windows-x86_64 0.1.1 91.00 151.00 242.00 NOTE
r-patched-linux-x86_64 0.1.1 102.93 172.25 275.18 NOTE
r-release-linux-x86_64 0.1.1 105.01 169.44 274.45 NOTE
r-release-macos-arm64 0.1.1 116.00 NOTE
r-release-macos-x86_64 0.1.1 183.00 NOTE
r-release-windows-x86_64 0.1.1 115.00 186.00 301.00 NOTE
r-oldrel-macos-arm64 0.1.1 94.00 OK
r-oldrel-macos-x86_64 0.1.1 131.00 OK
r-oldrel-windows-x86_64 0.1.1 110.00 189.00 299.00 OK

Check Details

Version: 0.1.1
Check: C++ specification
Result: NOTE
     Specified C++11: please drop specification unless essential
Flavors: r-devel-linux-x86_64-debian-clang, r-devel-linux-x86_64-debian-gcc, r-devel-linux-x86_64-fedora-clang, r-devel-linux-x86_64-fedora-gcc, r-devel-windows-x86_64, r-patched-linux-x86_64, r-release-linux-x86_64, r-release-macos-arm64, r-release-macos-x86_64, r-release-windows-x86_64