Last updated on 2023-03-26 17:49:40 CEST.
Flavor | Version | Tinstall | Tcheck | Ttotal | Status | Flags |
---|---|---|---|---|---|---|
r-devel-linux-x86_64-debian-clang | 2.2.1 | 27.24 | 274.94 | 302.18 | OK | |
r-devel-linux-x86_64-debian-gcc | 2.2.1 | 21.66 | 206.96 | 228.62 | OK | |
r-devel-linux-x86_64-fedora-gcc | 2.2.1 | 400.81 | OK | |||
r-patched-linux-x86_64 | 2.2.1 | 40.67 | 263.74 | 304.41 | OK | |
r-release-linux-x86_64 | 2.2.1 | 24.28 | 230.70 | 254.98 | OK | |
r-release-macos-arm64 | 2.2.1 | 73.00 | NOTE | |||
r-release-macos-x86_64 | 2.2.1 | 140.00 | NOTE | |||
r-release-windows-x86_64 | 2.2.1 | 339.00 | 514.00 | 853.00 | NOTE | |
r-oldrel-macos-arm64 | 2.2.1 | 102.00 | NOTE | |||
r-oldrel-macos-x86_64 | 2.2.1 | 152.00 | NOTE | |||
r-oldrel-windows-ix86+x86_64 | 2.2.1 | 74.00 | 369.00 | 443.00 | NOTE |
Version: 2.2.1
Check: installed package size
Result: NOTE
installed size is 5.1Mb
sub-directories of 1Mb or more:
doc 2.9Mb
help 1.2Mb
Flavors: r-release-macos-arm64, r-release-macos-x86_64, r-release-windows-x86_64, r-oldrel-macos-arm64, r-oldrel-macos-x86_64, r-oldrel-windows-ix86+x86_64
Version: 2.2.1
Check: whether the namespace can be loaded with stated dependencies
Result: NOTE
Warning in py_initialize(config$python, config$libpython, config$pythonhome, :
Python 2 reached EOL on January 1, 2020. Python 2 compatability be removed in an upcoming reticulate release.
A namespace must be able to be loaded with just the base namespace
loaded: otherwise if the namespace gets loaded by a saved object, the
session will be unable to start.
Probably some imports need to be declared in the NAMESPACE file.
Flavors: r-release-macos-arm64, r-release-macos-x86_64, r-oldrel-macos-arm64, r-oldrel-macos-x86_64