Last updated on 2022-06-30 17:49:45 CEST.
Flavor | Version | Tinstall | Tcheck | Ttotal | Status | Flags |
---|---|---|---|---|---|---|
r-devel-linux-x86_64-debian-clang | 0.6-3 | 3.10 | 21.42 | 24.52 | OK | |
r-devel-linux-x86_64-debian-gcc | 0.6-3 | 2.27 | 16.51 | 18.78 | OK | |
r-devel-linux-x86_64-fedora-clang | 0.6-3 | 41.29 | NOTE | |||
r-devel-linux-x86_64-fedora-gcc | 0.6-3 | 40.38 | NOTE | |||
r-devel-windows-x86_64 | 0.6-3 | 12.00 | 46.00 | 58.00 | OK | |
r-patched-linux-x86_64 | 0.6-3 | 3.18 | 20.33 | 23.51 | OK | |
r-release-linux-x86_64 | 0.6-3 | 2.79 | 20.66 | 23.45 | OK | |
r-release-macos-arm64 | 0.6-3 | 16.00 | OK | |||
r-release-macos-x86_64 | 0.6-3 | 20.00 | OK | |||
r-release-windows-x86_64 | 0.6-3 | 14.00 | 46.00 | 60.00 | OK | |
r-oldrel-macos-arm64 | 0.6-3 | 23.00 | OK | |||
r-oldrel-macos-x86_64 | 0.6-3 | 23.00 | OK | |||
r-oldrel-windows-ix86+x86_64 | 0.6-3 | 10.00 | 44.00 | 54.00 | OK |
Version: 0.6-3
Check: compiled code
Result: NOTE
File ‘fastdigest/libs/fastdigest.so’:
Found no call to: ‘R_useDynamicSymbols’
It is good practice to register native routines and to disable symbol
search.
See ‘Writing portable packages’ in the ‘Writing R Extensions’ manual.
Flavors: r-devel-linux-x86_64-fedora-clang, r-devel-linux-x86_64-fedora-gcc