CRAN Package Check Results for Package fastmap

Last updated on 2022-06-30 17:49:45 CEST.

Flavor Version Tinstall Tcheck Ttotal Status Flags
r-devel-linux-x86_64-debian-clang 1.1.0 5.44 38.51 43.95 NOTE
r-devel-linux-x86_64-debian-gcc 1.1.0 4.09 28.59 32.68 NOTE
r-devel-linux-x86_64-fedora-clang 1.1.0 64.86 NOTE
r-devel-linux-x86_64-fedora-gcc 1.1.0 63.96 NOTE
r-devel-windows-x86_64 1.1.0 26.00 66.00 92.00 NOTE
r-patched-linux-x86_64 1.1.0 5.10 37.18 42.28 NOTE
r-release-linux-x86_64 1.1.0 4.25 36.99 41.24 NOTE
r-release-macos-arm64 1.1.0 27.00 NOTE
r-release-macos-x86_64 1.1.0 29.00 NOTE
r-release-windows-x86_64 1.1.0 24.00 66.00 90.00 NOTE
r-oldrel-macos-arm64 1.1.0 26.00 NOTE
r-oldrel-macos-x86_64 1.1.0 40.00 NOTE
r-oldrel-windows-ix86+x86_64 1.1.0 25.00 82.00 107.00 NOTE

Check Details

Version: 1.1.0
Check: LazyData
Result: NOTE
     'LazyData' is specified without a 'data' directory
Flavors: r-devel-linux-x86_64-debian-clang, r-devel-linux-x86_64-debian-gcc, r-devel-linux-x86_64-fedora-clang, r-devel-linux-x86_64-fedora-gcc, r-devel-windows-x86_64, r-patched-linux-x86_64, r-release-linux-x86_64, r-release-macos-arm64, r-release-macos-x86_64, r-release-windows-x86_64, r-oldrel-macos-arm64, r-oldrel-macos-x86_64, r-oldrel-windows-ix86+x86_64