Last updated on 2023-03-30 17:52:28 CEST.
Flavor | Version | Tinstall | Tcheck | Ttotal | Status | Flags |
---|---|---|---|---|---|---|
r-devel-linux-x86_64-debian-clang | 0.7 | 4.40 | 51.27 | 55.67 | OK | |
r-devel-linux-x86_64-debian-gcc | 0.7 | 3.82 | 38.95 | 42.77 | OK | |
r-devel-linux-x86_64-fedora-clang | 0.7 | 68.77 | NOTE | |||
r-devel-linux-x86_64-fedora-gcc | 0.7 | 76.94 | NOTE | |||
r-devel-windows-x86_64 | 0.7 | 31.00 | 83.00 | 114.00 | OK | |
r-patched-linux-x86_64 | 0.7 | 3.99 | 48.22 | 52.21 | OK | |
r-release-linux-x86_64 | 0.7 | 4.93 | 50.78 | 55.71 | OK | |
r-release-macos-arm64 | 0.7 | 28.00 | NOTE | |||
r-release-macos-x86_64 | 0.7 | 42.00 | NOTE | |||
r-release-windows-x86_64 | 0.7 | 45.00 | 87.00 | 132.00 | OK | |
r-oldrel-macos-arm64 | 0.7 | 32.00 | NOTE | |||
r-oldrel-macos-x86_64 | 0.7 | 43.00 | NOTE | |||
r-oldrel-windows-ix86+x86_64 | 0.7 | 12.00 | 83.00 | 95.00 | OK |
Version: 0.7
Check: dependencies in R code
Result: NOTE
Namespace in Imports field not imported from: ‘ggplot2’
All declared Imports should be used.
Flavors: r-devel-linux-x86_64-fedora-clang, r-devel-linux-x86_64-fedora-gcc, r-release-macos-arm64, r-release-macos-x86_64, r-oldrel-macos-arm64, r-oldrel-macos-x86_64