CRAN Package Check Results for Package fcd

Last updated on 2021-06-20 05:48:23 CEST.

Flavor Version Tinstall Tcheck Ttotal Status Flags
r-devel-linux-x86_64-debian-clang 0.1 8.08 57.92 66.00 NOTE
r-devel-linux-x86_64-debian-gcc 0.1 6.48 44.21 50.69 NOTE
r-devel-linux-x86_64-fedora-clang 0.1 88.38 NOTE
r-devel-linux-x86_64-fedora-gcc 0.1 76.43 NOTE
r-devel-windows-x86_64 0.1 11.00 63.00 74.00 NOTE
r-devel-windows-x86_64-gcc10-UCRT 0.1 NOTE
r-patched-linux-x86_64 0.1 6.01 55.28 61.29 NOTE
r-patched-solaris-x86 0.1 116.10 NOTE
r-release-linux-x86_64 0.1 7.39 55.81 63.20 NOTE
r-release-macos-arm64 0.1 NOTE
r-release-macos-x86_64 0.1 NOTE
r-release-windows-ix86+x86_64 0.1 16.00 84.00 100.00 NOTE
r-oldrel-macos-x86_64 0.1 NOTE
r-oldrel-windows-ix86+x86_64 0.1 11.00 75.00 86.00 NOTE

Check Details

Version: 0.1
Check: dependencies in R code
Result: NOTE
    Packages in Depends field not imported from:
     'MASS' 'combinat' 'glmnet'
     These packages need to be imported from (in the NAMESPACE file)
     for when this namespace is loaded but not attached.
Flavors: r-devel-linux-x86_64-debian-clang, r-devel-linux-x86_64-debian-gcc, r-devel-linux-x86_64-fedora-clang, r-devel-linux-x86_64-fedora-gcc, r-devel-windows-x86_64, r-devel-windows-x86_64-gcc10-UCRT, r-patched-linux-x86_64, r-patched-solaris-x86, r-release-linux-x86_64, r-release-macos-arm64, r-release-macos-x86_64, r-release-windows-ix86+x86_64, r-oldrel-macos-x86_64, r-oldrel-windows-ix86+x86_64

Version: 0.1
Check: R code for possible problems
Result: NOTE
    fcd.cluster: no visible global function definition for 'kmeans'
    fcd.start: no visible global function definition for 'ginv'
    fcd.start: no visible global function definition for 'glmnet'
    gen.dcbm: no visible global function definition for 'rbinom'
    gen.sbm: no visible global function definition for 'rbinom'
    mis.cluster: no visible global function definition for 'permn'
    spectral.clustering: no visible global function definition for 'kmeans'
    Undefined global functions or variables:
     ginv glmnet kmeans permn rbinom
    Consider adding
     importFrom("stats", "kmeans", "rbinom")
    to your NAMESPACE file.
Flavors: r-devel-linux-x86_64-debian-clang, r-devel-linux-x86_64-debian-gcc, r-devel-linux-x86_64-fedora-clang, r-devel-linux-x86_64-fedora-gcc, r-devel-windows-x86_64, r-devel-windows-x86_64-gcc10-UCRT, r-patched-linux-x86_64, r-patched-solaris-x86, r-release-linux-x86_64, r-release-macos-arm64, r-release-macos-x86_64, r-release-windows-ix86+x86_64, r-oldrel-macos-x86_64, r-oldrel-windows-ix86+x86_64