CRAN Package Check Results for Package fda.usc

Last updated on 2022-09-30 08:54:07 CEST.

Flavor Version Tinstall Tcheck Ttotal Status Flags
r-devel-linux-x86_64-debian-clang 2.0.2 52.58 267.06 319.64 NOTE
r-devel-linux-x86_64-debian-gcc 2.0.2 34.79 198.94 233.73 NOTE
r-devel-linux-x86_64-fedora-clang 2.0.2 401.58 NOTE
r-devel-linux-x86_64-fedora-gcc 2.0.2 413.08 NOTE
r-devel-windows-x86_64 2.0.2 100.00 301.00 401.00 NOTE
r-patched-linux-x86_64 2.0.2 45.06 254.76 299.82 OK
r-release-linux-x86_64 2.0.2 31.00 253.04 284.04 OK
r-release-macos-arm64 2.0.2 86.00 NOTE
r-release-macos-x86_64 2.0.2 144.00 NOTE
r-release-windows-x86_64 2.0.2 99.00 286.00 385.00 OK
r-oldrel-macos-arm64 2.0.2 104.00 NOTE
r-oldrel-macos-x86_64 2.0.2 158.00 NOTE
r-oldrel-windows-ix86+x86_64 2.0.2 83.00 325.00 408.00 OK

Check Details

Version: 2.0.2
Check: Rd files
Result: NOTE
    checkRd: (-1) summary.fdata.comp.Rd:44: Escaped LaTeX specials: \&
Flavors: r-devel-linux-x86_64-debian-clang, r-devel-linux-x86_64-debian-gcc, r-devel-linux-x86_64-fedora-clang, r-devel-linux-x86_64-fedora-gcc, r-devel-windows-x86_64

Version: 2.0.2
Check: HTML version of manual
Result: NOTE
    Found the following math rendering problems:
    fregre.plm.Rd:86-87: Undefined control sequence: \emph in y =\emph{r(X)}+\sum_{j=...
    metric.kl.Rd:45-46: Undefined control sequence: \- in \left|f_i(t)\-g_i(t) \right|\...
Flavors: r-devel-linux-x86_64-debian-clang, r-devel-linux-x86_64-debian-gcc, r-devel-linux-x86_64-fedora-clang, r-devel-linux-x86_64-fedora-gcc, r-devel-windows-x86_64

Version: 2.0.2
Check: data for non-ASCII characters
Result: NOTE
     Note: found 76 marked UTF-8 strings
Flavors: r-devel-linux-x86_64-fedora-clang, r-devel-linux-x86_64-fedora-gcc, r-release-macos-arm64, r-release-macos-x86_64, r-oldrel-macos-arm64, r-oldrel-macos-x86_64