Last updated on 2023-09-28 05:56:47 CEST.
Flavor | Version | Tinstall | Tcheck | Ttotal | Status | Flags |
---|---|---|---|---|---|---|
r-devel-linux-x86_64-debian-clang | 2.1.0 | 51.40 | 300.48 | 351.88 | OK | |
r-devel-linux-x86_64-debian-gcc | 2.1.0 | 35.43 | 216.60 | 252.03 | OK | |
r-devel-linux-x86_64-fedora-clang | 2.1.0 | 439.99 | NOTE | |||
r-devel-linux-x86_64-fedora-gcc | 2.1.0 | 434.46 | NOTE | |||
r-devel-windows-x86_64 | 2.1.0 | 44.00 | 223.00 | 267.00 | OK | |
r-patched-linux-x86_64 | 2.1.0 | 47.49 | 289.28 | 336.77 | OK | |
r-release-linux-x86_64 | 2.1.0 | 31.81 | 285.43 | 317.24 | OK | |
r-release-macos-arm64 | 2.1.0 | 100.00 | OK | |||
r-release-macos-x86_64 | 2.1.0 | 178.00 | OK | |||
r-release-windows-x86_64 | 2.1.0 | 57.00 | 296.00 | 353.00 | OK | |
r-oldrel-macos-arm64 | 2.1.0 | 98.00 | NOTE | |||
r-oldrel-macos-x86_64 | 2.1.0 | 118.00 | NOTE | |||
r-oldrel-windows-x86_64 | 2.1.0 | 56.00 | 253.00 | 309.00 | OK |
Version: 2.1.0
Check: data for non-ASCII characters
Result: NOTE
Note: found 76 marked UTF-8 strings
Flavors: r-devel-linux-x86_64-fedora-clang, r-devel-linux-x86_64-fedora-gcc, r-oldrel-macos-arm64, r-oldrel-macos-x86_64