Last updated on 2023-03-21 05:53:11 CET.
Flavor | Version | Tinstall | Tcheck | Ttotal | Status | Flags |
---|---|---|---|---|---|---|
r-devel-linux-x86_64-debian-clang | 1.1-16 | NOTE | ||||
r-devel-linux-x86_64-debian-gcc | 1.1-16 | 1162.37 | 198.91 | 1361.28 | NOTE | |
r-devel-linux-x86_64-fedora-clang | 1.1-16 | 1795.69 | NOTE | |||
r-devel-linux-x86_64-fedora-gcc | 1.1-16 | 2222.20 | NOTE | |||
r-devel-windows-x86_64 | 1.1-16 | 982.00 | 344.00 | 1326.00 | NOTE | |
r-patched-linux-x86_64 | 1.1-16 | 1062.33 | 251.17 | 1313.50 | NOTE | |
r-release-linux-x86_64 | 1.1-16 | 0.02 | 3.95 | 3.97 | ERROR | |
r-release-macos-arm64 | 1.1-16 | 467.00 | NOTE | |||
r-release-macos-x86_64 | 1.1-16 | 697.00 | NOTE | |||
r-release-windows-x86_64 | 1.1-16 | 826.00 | 308.00 | 1134.00 | NOTE | |
r-oldrel-macos-arm64 | 1.1-16 | 419.00 | NOTE | |||
r-oldrel-macos-x86_64 | 1.1-16 | 678.00 | NOTE | |||
r-oldrel-windows-ix86+x86_64 | 1.1-16 | 2775.00 | 360.00 | 3135.00 | NOTE |
Version: 1.1-16
Check: for GNU extensions in Makefiles
Result: NOTE
GNU make is a SystemRequirements.
Flavors: r-devel-linux-x86_64-debian-clang, r-devel-linux-x86_64-debian-gcc, r-devel-linux-x86_64-fedora-clang, r-devel-linux-x86_64-fedora-gcc, r-devel-windows-x86_64, r-patched-linux-x86_64, r-release-macos-arm64, r-release-macos-x86_64, r-release-windows-x86_64, r-oldrel-macos-arm64, r-oldrel-macos-x86_64, r-oldrel-windows-ix86+x86_64
Version: 1.1-16
Check: installed package size
Result: NOTE
installed size is 13.9Mb
sub-directories of 1Mb or more:
libs 12.8Mb
Flavors: r-devel-linux-x86_64-fedora-clang, r-devel-windows-x86_64, r-release-macos-arm64, r-release-macos-x86_64, r-release-windows-x86_64, r-oldrel-macos-arm64, r-oldrel-macos-x86_64, r-oldrel-windows-ix86+x86_64
Version: 1.1-16
Check: whether package can be installed
Result: ERROR
Installation failed.
Flavor: r-release-linux-x86_64