Last updated on 2024-08-16 11:49:40 CEST.
Flavor | Version | Tinstall | Tcheck | Ttotal | Status | Flags |
---|---|---|---|---|---|---|
r-devel-linux-x86_64-debian-clang | 1.0.3 | 4.90 | 57.63 | 62.53 | OK | |
r-devel-linux-x86_64-debian-gcc | 1.0.3 | 4.20 | 41.06 | 45.26 | OK | |
r-devel-linux-x86_64-fedora-clang | 1.0.3 | 101.97 | NOTE | |||
r-devel-linux-x86_64-fedora-gcc | 1.0.3 | 109.88 | NOTE | |||
r-devel-windows-x86_64 | 1.0.3 | 7.00 | 71.00 | 78.00 | OK | |
r-patched-linux-x86_64 | 1.0.3 | 5.69 | 53.33 | 59.02 | OK | |
r-release-linux-x86_64 | 1.0.3 | 5.13 | 54.67 | 59.80 | OK | |
r-release-macos-arm64 | 1.0.3 | 37.00 | OK | |||
r-release-macos-x86_64 | 1.0.3 | 62.00 | OK | |||
r-release-windows-x86_64 | 1.0.3 | 7.00 | 70.00 | 77.00 | OK | |
r-oldrel-macos-arm64 | 1.0.3 | 38.00 | OK | |||
r-oldrel-macos-x86_64 | 1.0.3 | 57.00 | OK | |||
r-oldrel-windows-x86_64 | 1.0.3 | 10.00 | 84.00 | 94.00 | OK |
Version: 1.0.3
Check: dependencies in R code
Result: NOTE
Namespaces in Imports field not imported from:
‘FastGP’ ‘MASS’ ‘fdapace’
All declared Imports should be used.
Flavors: r-devel-linux-x86_64-fedora-clang, r-devel-linux-x86_64-fedora-gcc