Last updated on 2023-03-26 12:03:16 CEST.
Flavor | Version | Tinstall | Tcheck | Ttotal | Status | Flags |
---|---|---|---|---|---|---|
r-devel-linux-x86_64-debian-clang | 0.1.1 | 222.43 | 102.07 | 324.50 | NOTE | |
r-devel-linux-x86_64-debian-gcc | 0.1.1 | 179.48 | 72.13 | 251.61 | NOTE | |
r-devel-linux-x86_64-fedora-gcc | 0.1.1 | 436.80 | NOTE | |||
r-patched-linux-x86_64 | 0.1.1 | 177.64 | 117.55 | 295.19 | NOTE | |
r-release-linux-x86_64 | 0.1.1 | 153.92 | 98.60 | 252.52 | OK | |
r-release-macos-arm64 | 0.1.1 | 103.00 | NOTE | |||
r-release-macos-x86_64 | 0.1.1 | 151.00 | NOTE | |||
r-release-windows-x86_64 | 0.1.1 | 167.00 | 160.00 | 327.00 | OK | |
r-oldrel-macos-arm64 | 0.1.1 | 128.00 | NOTE | |||
r-oldrel-macos-x86_64 | 0.1.1 | 145.00 | NOTE | |||
r-oldrel-windows-ix86+x86_64 | 0.1.1 | 552.00 | 270.00 | 822.00 | NOTE |
Version: 0.1.1
Check: C++ specification
Result: NOTE
Specified C++11: please drop specification unless essential
Flavors: r-devel-linux-x86_64-debian-clang, r-devel-linux-x86_64-debian-gcc, r-devel-linux-x86_64-fedora-gcc, r-patched-linux-x86_64
Version: 0.1.1
Check: installed package size
Result: NOTE
installed size is 9.7Mb
sub-directories of 1Mb or more:
data 2.7Mb
libs 6.7Mb
Flavors: r-release-macos-arm64, r-release-macos-x86_64, r-oldrel-macos-arm64, r-oldrel-macos-x86_64, r-oldrel-windows-ix86+x86_64