CRAN Package Check Results for Package fdm2id

Last updated on 2019-12-12 05:48:10 CET.

Flavor Version Tinstall Tcheck Ttotal Status Flags
r-devel-linux-x86_64-debian-clang 0.9.0 16.50 178.07 194.57 OK
r-devel-linux-x86_64-debian-gcc 0.9.0 14.17 137.13 151.30 OK
r-devel-linux-x86_64-fedora-clang 0.9.0 225.57 NOTE
r-devel-linux-x86_64-fedora-gcc 0.9.0 234.87 NOTE
r-devel-windows-ix86+x86_64 0.9.0 38.00 272.00 310.00 OK
r-devel-windows-ix86+x86_64-gcc8 0.9.0 41.00 287.00 328.00 OK
r-patched-linux-x86_64 0.9.0 14.79 156.02 170.81 OK
r-patched-solaris-x86 0.9.0 307.00 NOTE
r-release-linux-x86_64 0.9.0 14.22 156.84 171.06 OK
r-release-windows-ix86+x86_64 0.9.0 32.00 204.00 236.00 OK
r-release-osx-x86_64 0.9.0 NOTE
r-oldrel-windows-ix86+x86_64 0.9.0 21.00 160.00 181.00 OK
r-oldrel-osx-x86_64 0.9.0 NOTE

Check Details

Version: 0.9.0
Check: data for non-ASCII characters
Result: NOTE
     Note: found 3 marked Latin-1 strings
     Note: found 3 marked UTF-8 strings
Flavors: r-devel-linux-x86_64-fedora-clang, r-devel-linux-x86_64-fedora-gcc, r-patched-solaris-x86, r-release-osx-x86_64, r-oldrel-osx-x86_64