CRAN Package Check Results for Package fdrci

Last updated on 2022-09-27 11:51:13 CEST.

Flavor Version Tinstall Tcheck Ttotal Status Flags
r-devel-linux-x86_64-debian-clang 2.3 5.08 1028.60 1033.68 OK
r-devel-linux-x86_64-debian-gcc 2.3 3.85 760.62 764.47 OK
r-devel-linux-x86_64-fedora-clang 2.3 1253.28 OK
r-devel-linux-x86_64-fedora-gcc 2.3 1347.50 OK
r-devel-windows-x86_64 2.3 12.00 1068.00 1080.00 OK
r-patched-linux-x86_64 2.3 5.13 951.91 957.04 OK
r-release-linux-x86_64 2.3 4.16 966.45 970.61 OK
r-release-macos-arm64 2.3 529.00 OK
r-release-macos-x86_64 2.3 540.00 OK
r-release-windows-x86_64 2.3 11.00 1338.00 1349.00 OK
r-oldrel-macos-arm64 2.3 1803.00 WARN
r-oldrel-macos-x86_64 2.3 52.00 WARN
r-oldrel-windows-ix86+x86_64 2.3 15.00 1121.00 1136.00 OK

Check Details

Version: 2.3
Check: re-building of vignette outputs
Result: WARN
    Error(s) in re-building vignettes:
     ...
    --- re-building ‘BY_vignette.Rmd’ using rmarkdown
    
    Execution halted
    
    * checking PDF version of manual ...* using check arguments '--no-clean-on-error '
Flavor: r-oldrel-macos-arm64

Version: 2.3
Check: re-building of vignette outputs
Result: WARN
    Error(s) in re-building vignettes:
     ...
    --- re-building ‘BY_vignette.Rmd’ using rmarkdown
    trying URL 'https://ftp.ncbi.nlm.nih.gov/geo/series/GSE132nnn/GSE132342/matrix/GSE132342_series_matrix.txt.gz'
    Content type 'application/x-gzip' length 10912941 bytes (10.4 MB)
    ==================================================
    downloaded 10.4 MB
    
    Quitting from lines 59-86 (BY_vignette.Rmd)
    Error: processing vignette 'BY_vignette.Rmd' failed with diagnostics:
    The size of the connection buffer (131072) was not large enough
    to fit a complete line:
     * Increase it by setting `Sys.setenv("VROOM_CONNECTION_SIZE")`
    --- failed re-building ‘BY_vignette.Rmd’
    
    SUMMARY: processing the following file failed:
     ‘BY_vignette.Rmd’
    
    Error: Vignette re-building failed.
    Execution halted
Flavor: r-oldrel-macos-x86_64