Last updated on 2023-03-24 23:52:06 CET.
Flavor | Version | Tinstall | Tcheck | Ttotal | Status | Flags |
---|---|---|---|---|---|---|
r-devel-linux-x86_64-debian-clang | 0.3.5 | 52.14 | 45.06 | 97.20 | NOTE | |
r-devel-linux-x86_64-debian-gcc | 0.3.5 | 41.81 | 33.91 | 75.72 | NOTE | |
r-devel-linux-x86_64-fedora-clang | 0.3.5 | 156.93 | NOTE | |||
r-devel-linux-x86_64-fedora-gcc | 0.3.5 | 131.02 | NOTE | |||
r-patched-linux-x86_64 | 0.3.5 | 44.16 | 43.50 | 87.66 | NOTE | |
r-release-linux-x86_64 | 0.3.5 | 41.26 | 43.30 | 84.56 | NOTE | |
r-release-macos-arm64 | 0.3.5 | 38.00 | NOTE | |||
r-release-macos-x86_64 | 0.3.5 | 49.00 | NOTE | |||
r-release-windows-x86_64 | 0.3.5 | 97.00 | 95.00 | 192.00 | NOTE | |
r-oldrel-macos-arm64 | 0.3.5 | 42.00 | NOTE | |||
r-oldrel-macos-x86_64 | 0.3.5 | 49.00 | NOTE | |||
r-oldrel-windows-ix86+x86_64 | 0.3.5 | 130.00 | 106.00 | 236.00 | NOTE |
Version: 0.3.5
Check: C++ specification
Result: NOTE
Specified C++11: please drop specification unless essential
Flavors: r-devel-linux-x86_64-debian-clang, r-devel-linux-x86_64-debian-gcc, r-devel-linux-x86_64-fedora-clang, r-devel-linux-x86_64-fedora-gcc
Version: 0.3.5
Check: LazyData
Result: NOTE
'LazyData' is specified without a 'data' directory
Flavors: r-devel-linux-x86_64-debian-clang, r-devel-linux-x86_64-debian-gcc, r-devel-linux-x86_64-fedora-clang, r-devel-linux-x86_64-fedora-gcc, r-patched-linux-x86_64, r-release-linux-x86_64, r-release-macos-arm64, r-release-macos-x86_64, r-release-windows-x86_64, r-oldrel-macos-arm64, r-oldrel-macos-x86_64, r-oldrel-windows-ix86+x86_64