CRAN Package Check Results for Package featurizer

Last updated on 2024-05-20 17:57:29 CEST.

Flavor Version Tinstall Tcheck Ttotal Status Flags
r-devel-linux-x86_64-debian-clang 0.2 1.89 21.31 23.20 NOTE
r-devel-linux-x86_64-debian-gcc 0.2 1.61 16.55 18.16 NOTE
r-devel-linux-x86_64-fedora-clang 0.2 29.17 NOTE
r-devel-linux-x86_64-fedora-gcc 0.2 28.12 NOTE
r-devel-windows-x86_64 0.2 3.00 39.00 42.00 NOTE
r-patched-linux-x86_64 0.2 1.95 20.77 22.72 NOTE
r-release-linux-x86_64 0.2 1.92 20.90 22.82 NOTE
r-release-macos-arm64 0.2 15.00 NOTE
r-release-windows-x86_64 0.2 2.00 39.00 41.00 NOTE
r-oldrel-macos-arm64 0.2 16.00 NOTE
r-oldrel-macos-x86_64 0.2 19.00 NOTE
r-oldrel-windows-x86_64 0.2 7.00 40.00 47.00 NOTE

Check Details

Version: 0.2
Check: LazyData
Result: NOTE 'LazyData' is specified without a 'data' directory Flavors: r-devel-linux-x86_64-debian-clang, r-devel-linux-x86_64-debian-gcc, r-devel-linux-x86_64-fedora-clang, r-devel-linux-x86_64-fedora-gcc, r-devel-windows-x86_64, r-patched-linux-x86_64, r-release-linux-x86_64, r-release-macos-arm64, r-release-windows-x86_64, r-oldrel-macos-arm64, r-oldrel-macos-x86_64, r-oldrel-windows-x86_64