Last updated on 2023-09-24 11:26:47 CEST.
Flavor | Version | Tinstall | Tcheck | Ttotal | Status | Flags |
---|---|---|---|---|---|---|
r-devel-linux-x86_64-debian-clang | 1.0.0 | 181.18 | 137.79 | 318.97 | NOTE | |
r-devel-linux-x86_64-debian-gcc | 1.0.0 | 133.32 | 99.64 | 232.96 | NOTE | |
r-devel-linux-x86_64-fedora-clang | 1.0.0 | 443.10 | NOTE | |||
r-devel-linux-x86_64-fedora-gcc | 1.0.0 | 443.58 | NOTE | |||
r-devel-windows-x86_64 | 1.0.0 | 136.00 | 126.00 | 262.00 | NOTE | |
r-patched-linux-x86_64 | 1.0.0 | 127.22 | 131.60 | 258.82 | NOTE | |
r-release-linux-x86_64 | 1.0.0 | 144.35 | 129.33 | 273.68 | NOTE | |
r-release-macos-arm64 | 1.0.0 | 102.00 | NOTE | |||
r-release-macos-x86_64 | 1.0.0 | 178.00 | NOTE | |||
r-release-windows-x86_64 | 1.0.0 | 177.00 | 153.00 | 330.00 | NOTE | |
r-oldrel-macos-arm64 | 1.0.0 | 109.00 | NOTE | |||
r-oldrel-macos-x86_64 | 1.0.0 | 129.00 | NOTE | |||
r-oldrel-windows-x86_64 | 1.0.0 | 175.00 | 151.00 | 326.00 | OK |
Version: 1.0.0
Check: C++ specification
Result: NOTE
Specified C++11: please drop specification unless essential
Flavors: r-devel-linux-x86_64-debian-clang, r-devel-linux-x86_64-debian-gcc, r-devel-linux-x86_64-fedora-clang, r-devel-linux-x86_64-fedora-gcc, r-devel-windows-x86_64, r-patched-linux-x86_64, r-release-linux-x86_64, r-release-macos-arm64, r-release-macos-x86_64, r-release-windows-x86_64
Version: 1.0.0
Check: dependencies in R code
Result: NOTE
Namespace in Imports field not imported from: ‘panelView’
All declared Imports should be used.
Flavors: r-devel-linux-x86_64-fedora-clang, r-devel-linux-x86_64-fedora-gcc, r-oldrel-macos-arm64, r-oldrel-macos-x86_64
Version: 1.0.0
Check: installed package size
Result: NOTE
installed size is 9.0Mb
sub-directories of 1Mb or more:
libs 7.7Mb
Flavors: r-release-macos-arm64, r-release-macos-x86_64, r-oldrel-macos-arm64, r-oldrel-macos-x86_64