Last updated on 2024-08-16 11:49:40 CEST.
Flavor | Version | Tinstall | Tcheck | Ttotal | Status | Flags |
---|---|---|---|---|---|---|
r-devel-linux-x86_64-debian-clang | 0.1.0 | 1.74 | 25.64 | 27.38 | OK | |
r-devel-linux-x86_64-debian-gcc | 0.1.0 | 1.44 | 19.64 | 21.08 | OK | |
r-devel-linux-x86_64-fedora-clang | 0.1.0 | 42.68 | NOTE | |||
r-devel-linux-x86_64-fedora-gcc | 0.1.0 | 41.58 | NOTE | |||
r-devel-windows-x86_64 | 0.1.0 | 3.00 | 48.00 | 51.00 | OK | |
r-patched-linux-x86_64 | 0.1.0 | 1.72 | 25.08 | 26.80 | OK | |
r-release-linux-x86_64 | 0.1.0 | 1.59 | 25.16 | 26.75 | OK | |
r-release-macos-arm64 | 0.1.0 | 20.00 | OK | |||
r-release-macos-x86_64 | 0.1.0 | 28.00 | OK | |||
r-release-windows-x86_64 | 0.1.0 | 4.00 | 49.00 | 53.00 | OK | |
r-oldrel-macos-arm64 | 0.1.0 | 21.00 | OK | |||
r-oldrel-macos-x86_64 | 0.1.0 | 28.00 | OK | |||
r-oldrel-windows-x86_64 | 0.1.0 | 3.00 | 53.00 | 56.00 | OK |
Version: 0.1.0
Check: data for non-ASCII characters
Result: NOTE
Note: found 134 marked UTF-8 strings
Flavors: r-devel-linux-x86_64-fedora-clang, r-devel-linux-x86_64-fedora-gcc