Last updated on 2024-08-16 11:49:40 CEST.
Flavor | Version | Tinstall | Tcheck | Ttotal | Status | Flags |
---|---|---|---|---|---|---|
r-devel-linux-x86_64-debian-clang | 1.1.1 | 347.08 | 156.07 | 503.15 | OK | |
r-devel-linux-x86_64-debian-gcc | 1.1.1 | 303.55 | 153.05 | 456.60 | OK | |
r-devel-linux-x86_64-fedora-clang | 1.1.1 | 847.18 | OK | |||
r-devel-linux-x86_64-fedora-gcc | 1.1.1 | 1124.10 | OK | |||
r-devel-windows-x86_64 | 1.1.1 | 339.00 | 240.00 | 579.00 | NOTE | |
r-patched-linux-x86_64 | 1.1.1 | 406.64 | 209.48 | 616.12 | OK | |
r-release-linux-x86_64 | 1.1.1 | 402.00 | 210.10 | 612.10 | OK | |
r-release-macos-arm64 | 1.1.1 | 238.00 | NOTE | |||
r-release-macos-x86_64 | 1.1.1 | 354.00 | NOTE | |||
r-release-windows-x86_64 | 1.1.1 | 346.00 | 231.00 | 577.00 | NOTE | |
r-oldrel-macos-arm64 | 1.1.1 | 252.00 | NOTE | |||
r-oldrel-macos-x86_64 | 1.1.1 | 295.00 | NOTE | |||
r-oldrel-windows-x86_64 | 1.1.1 | 466.00 | 277.00 | 743.00 | NOTE |
Version: 1.1.1
Check: installed package size
Result: NOTE
installed size is 5.7Mb
sub-directories of 1Mb or more:
data 1.8Mb
libs 2.2Mb
Flavors: r-devel-windows-x86_64, r-release-macos-arm64, r-release-macos-x86_64, r-release-windows-x86_64, r-oldrel-macos-arm64, r-oldrel-macos-x86_64, r-oldrel-windows-x86_64