Last updated on 2024-04-23 11:55:43 CEST.
Flavor | Version | Tinstall | Tcheck | Ttotal | Status | Flags |
---|---|---|---|---|---|---|
r-devel-linux-x86_64-debian-clang | 0.7.1 | 15.33 | 108.89 | 124.22 | NOTE | |
r-devel-linux-x86_64-debian-gcc | 0.7.1 | 11.07 | 86.57 | 97.64 | OK | |
r-devel-linux-x86_64-fedora-clang | 0.7.1 | 167.84 | OK | |||
r-devel-linux-x86_64-fedora-gcc | 0.7.1 | 162.38 | OK | |||
r-prerel-macos-arm64 | 0.7.1 | 42.00 | OK | |||
r-prerel-macos-x86_64 | 0.7.1 | 123.00 | OK | |||
r-prerel-windows-x86_64 | 0.7.1 | 15.00 | 96.00 | 111.00 | OK | |
r-patched-linux-x86_64 | 0.7.1 | 13.43 | 110.98 | 124.41 | OK | |
r-release-linux-x86_64 | 0.7.1 | 11.71 | 112.64 | 124.35 | OK | |
r-release-macos-arm64 | 0.7.1 | 11.00 | ERROR | |||
r-release-macos-x86_64 | 0.7.1 | 6.00 | ERROR | |||
r-release-windows-x86_64 | 0.7.1 | 18.00 | 119.00 | 137.00 | OK | |
r-oldrel-macos-arm64 | 0.7.1 | 48.00 | OK | |||
r-oldrel-windows-x86_64 | 0.7.1 | 18.00 | 119.00 | 137.00 | OK |
Version: 0.7.1
Check: package dependencies
Result: NOTE
Packages suggested but not available for checking: 'Biostrings', 'phyloseq'
Flavor: r-devel-linux-x86_64-debian-clang
Version: 0.7.1
Check: package dependencies
Result: ERROR
Package required but not available: ‘rhdf5’
Package suggested but not available for checking: ‘phyloseq’
See section ‘The DESCRIPTION file’ in the ‘Writing R Extensions’
manual.
Flavors: r-release-macos-arm64, r-release-macos-x86_64