Last updated on 2024-08-16 11:49:40 CEST.
Flavor | Version | Tinstall | Tcheck | Ttotal | Status | Flags |
---|---|---|---|---|---|---|
r-devel-linux-x86_64-debian-clang | 0.8.0 | 10.78 | 96.64 | 107.42 | OK | |
r-devel-linux-x86_64-debian-gcc | 0.8.0 | 7.62 | 69.46 | 77.08 | OK | |
r-devel-linux-x86_64-fedora-clang | 0.8.0 | 167.72 | OK | |||
r-devel-linux-x86_64-fedora-gcc | 0.8.0 | 161.50 | OK | |||
r-devel-windows-x86_64 | 0.8.0 | 12.00 | 103.00 | 115.00 | OK | |
r-patched-linux-x86_64 | 0.8.0 | 10.25 | 91.45 | 101.70 | OK | |
r-release-linux-x86_64 | 0.8.0 | 11.01 | 90.44 | 101.45 | OK | |
r-release-macos-arm64 | 0.8.0 | 51.00 | NOTE | |||
r-release-macos-x86_64 | 0.8.0 | 138.00 | NOTE | |||
r-release-windows-x86_64 | 0.8.0 | 14.00 | 103.00 | 117.00 | OK | |
r-oldrel-macos-arm64 | 0.8.0 | 62.00 | OK | |||
r-oldrel-macos-x86_64 | 0.8.0 | 106.00 | OK | |||
r-oldrel-windows-x86_64 | 0.8.0 | 17.00 | 126.00 | 143.00 | OK |
Version: 0.8.0
Check: package dependencies
Result: NOTE
Package suggested but not available for checking: ‘TreeSummarizedExperiment’
Flavors: r-release-macos-arm64, r-release-macos-x86_64