CRAN Package Check Results for Package filelock

Last updated on 2021-10-20 11:52:45 CEST.

Flavor Version Tinstall Tcheck Ttotal Status Flags
r-devel-linux-x86_64-debian-clang 1.0.2 2.84 19.98 22.82 NOTE
r-devel-linux-x86_64-debian-gcc 1.0.2 2.12 16.16 18.28 NOTE
r-devel-linux-x86_64-fedora-clang 1.0.2 38.88 NOTE
r-devel-linux-x86_64-fedora-gcc 1.0.2 28.33 NOTE
r-devel-windows-x86_64 1.0.2 14.00 40.00 54.00 NOTE
r-devel-windows-x86_64-gcc10-UCRT 1.0.2 NOTE
r-patched-linux-x86_64 1.0.2 2.76 19.47 22.23 NOTE
r-patched-solaris-x86 1.0.2 45.50 NOTE
r-release-linux-x86_64 1.0.2 2.31 20.26 22.57 NOTE
r-release-macos-arm64 1.0.2 NOTE
r-release-macos-x86_64 1.0.2 NOTE
r-release-windows-ix86+x86_64 1.0.2 17.00 43.00 60.00 NOTE
r-oldrel-macos-x86_64 1.0.2 OK
r-oldrel-windows-ix86+x86_64 1.0.2 22.00 44.00 66.00 OK

Check Details

Version: 1.0.2
Check: LazyData
Result: NOTE
     'LazyData' is specified without a 'data' directory
Flavors: r-devel-linux-x86_64-debian-clang, r-devel-linux-x86_64-debian-gcc, r-devel-linux-x86_64-fedora-clang, r-devel-linux-x86_64-fedora-gcc, r-devel-windows-x86_64, r-devel-windows-x86_64-gcc10-UCRT, r-patched-linux-x86_64, r-patched-solaris-x86, r-release-linux-x86_64, r-release-macos-arm64, r-release-macos-x86_64, r-release-windows-ix86+x86_64